{"id":9634,"date":"2024-05-17T10:44:52","date_gmt":"2024-05-17T13:44:52","guid":{"rendered":"https:\/\/infomacrio.com.br\/index.php\/produto\/kit-teclado-e-mouse-sem-fio-kross-ke-km558v1\/"},"modified":"2025-08-26T16:47:40","modified_gmt":"2025-08-26T19:47:40","slug":"kit-teclado-e-mouse-sem-fio-kross-ke-km558v1","status":"publish","type":"product","link":"https:\/\/infomacrio.com.br\/index.php\/produto\/kit-teclado-e-mouse-sem-fio-kross-ke-km558v1\/","title":{"rendered":"KIT TECLADO E MOUSE SEM FIO KROSS KE-KM558V1"},"content":{"rendered":"<p>O combo do teclado e o mouse sem fio certificam que voc\u00ea tenha mais liberdade e menos fios. A conex\u00e3o \u00e9 simples e o uso \u00e9 instant\u00e2neo. O teclado apresenta teclas extremamente silenciosas e um conforto a mais na hora de digitar. O mouse possui um design anat\u00f4mico com uma via de rolagem suave, proporcionando uma experi\u00eancia precisa e agrad\u00e1vel.<\/p>\n<p>Especifica\u00e7\u00f5es:<\/p>\n<p>Teclado:<br \/>\n&#8211; Material ABS de alta resist\u00eancia<br \/>\n&#8211; Tecnologia Wireless 2.4 GHz<br \/>\n&#8211; At\u00e9 10 metros de alcance<br \/>\n&#8211; Teclas com verniz UV antidesgaste<br \/>\n&#8211; Membrana de alta sensibilidade<br \/>\n&#8211; 104 teclas no padr\u00e3o ABNT2<br \/>\n&#8211; Interface: Receptor USB<br \/>\n&#8211; Alimenta\u00e7\u00e3o: 1 pilha AA<br \/>\n&#8211; Dimens\u00e3o: 43,50 x 2,00 x 13,20 cm<br \/>\n&#8211; Peso: 0,370 Kg<\/p>\n<p>Mouse:<br \/>\n&#8211; Bot\u00f5es: 4<br \/>\n&#8211; Resolu\u00e7\u00e3o: 1000 dpi<br \/>\n&#8211; Layout: Ambidestro<br \/>\n&#8211; Vida \u00fatil: at\u00e9 2 milh\u00f5es de cliques<br \/>\n&#8211; Alimenta\u00e7\u00e3o: 2 pilha AAA<br \/>\n&#8211; Dimens\u00e3o: 9,50 x 3,50 x 6,50 cm<br \/>\n&#8211; Peso: 0,46 Kg<\/p>\n<p>Sistema Compat\u00edvel:<br \/>\nWindows XP, Vista, 7, 8, 10 e Mac OS 10.5 ou superior<\/p>\n","protected":false},"excerpt":{"rendered":"<p>KIT TECLADO E MOUSE SEM FIO KROSS KE-KM558V1<\/p>\n","protected":false},"featured_media":9647,"template":"","meta":{"om_disable_all_campaigns":false,"_monsterinsights_skip_tracking":false,"_monsterinsights_sitenote_active":false,"_monsterinsights_sitenote_note":"","_monsterinsights_sitenote_category":0},"product_brand":[],"product_cat":[296,387,384],"product_tag":[],"class_list":{"0":"post-9634","1":"product","2":"type-product","3":"status-publish","4":"has-post-thumbnail","6":"product_cat-informatica","7":"product_cat-kit-teclado-e-mouse","8":"product_cat-perifericos","9":"thunk-woo-product-list","10":"big-store-woo-hover-zoom","11":"open-single-product-tab-horizontal","12":"open-shadow-","13":"open-shadow-hover-","15":"first","16":"instock","17":"sale","18":"shipping-taxable","19":"purchasable","20":"product-type-simple"},"aioseo_notices":[],"_links":{"self":[{"href":"https:\/\/infomacrio.com.br\/index.php\/wp-json\/wp\/v2\/product\/9634","targetHints":{"allow":["GET"]}}],"collection":[{"href":"https:\/\/infomacrio.com.br\/index.php\/wp-json\/wp\/v2\/product"}],"about":[{"href":"https:\/\/infomacrio.com.br\/index.php\/wp-json\/wp\/v2\/types\/product"}],"wp:featuredmedia":[{"embeddable":true,"href":"https:\/\/infomacrio.com.br\/index.php\/wp-json\/wp\/v2\/media\/9647"}],"wp:attachment":[{"href":"https:\/\/infomacrio.com.br\/index.php\/wp-json\/wp\/v2\/media?parent=9634"}],"wp:term":[{"taxonomy":"product_brand","embeddable":true,"href":"https:\/\/infomacrio.com.br\/index.php\/wp-json\/wp\/v2\/product_brand?post=9634"},{"taxonomy":"product_cat","embeddable":true,"href":"https:\/\/infomacrio.com.br\/index.php\/wp-json\/wp\/v2\/product_cat?post=9634"},{"taxonomy":"product_tag","embeddable":true,"href":"https:\/\/infomacrio.com.br\/index.php\/wp-json\/wp\/v2\/product_tag?post=9634"}],"curies":[{"name":"wp","href":"https:\/\/api.w.org\/{rel}","templated":true}]}}