{"id":9568,"date":"2024-04-26T11:34:57","date_gmt":"2024-04-26T14:34:57","guid":{"rendered":"https:\/\/infomacrio.com.br\/index.php\/produto\/cx-som-soundbar-2-0-lecoo-ds107\/"},"modified":"2026-04-09T12:21:00","modified_gmt":"2026-04-09T15:21:00","slug":"cx-som-soundbar-2-0-lecoo-ds107","status":"publish","type":"product","link":"https:\/\/infomacrio.com.br\/index.php\/produto\/cx-som-soundbar-2-0-lecoo-ds107\/","title":{"rendered":"CX SOM SOUNDBAR 2.0 LECOO DS107"},"content":{"rendered":"<p>DS107 melhora qualquer filme, m\u00fasica ou jogo. Dois alto-falantes para melhorar a separa\u00e7\u00e3o e o equil\u00edbrio est\u00e9reo. Esse layout contribui n\u00e3o apenas para um som mais claro, mas tamb\u00e9m proporciona uma experi\u00eancia de audi\u00e7\u00e3o mais imersiva, permitindo discernir elementos distintos do \u00e1udio.<\/p>\n<p>Especifica\u00e7\u00f5es T\u00e9cnicas:<br \/>\n&#8211; Marca: Lecoo<br \/>\n&#8211; Modelo: DS107<br \/>\n&#8211; Cor: Preto<\/p>\n<p>\u00c1udio:<br \/>\n&#8211; Sistema de \u00e1udio 2.0<br \/>\n&#8211; Drives de alta qualidade<br \/>\n&#8211; Ajuste de volume no cabo<br \/>\n&#8211; Frequ\u00eancia: 100Hz a 20KHz<br \/>\n&#8211; SNR: = &gt;75 dB<\/p>\n<p>Outros:<br \/>\n&#8211; Conex\u00e3o \u00e1udio P2 3,5mm<br \/>\n&#8211; Alimenta\u00e7\u00e3o via USB 5V<br \/>\n&#8211; Di\u00e2metro de drive: 52 mm<br \/>\n&#8211; Material: ABS<br \/>\n&#8211; Comprimento de cabo: 150cm<br \/>\n&#8211; Pot\u00eancia: 2*3W = 6W<\/p>\n","protected":false},"excerpt":{"rendered":"<p>CX SOM SOUNDBAR 2.0 LECOO DS107<\/p>\n","protected":false},"featured_media":9569,"template":"","meta":{"om_disable_all_campaigns":false,"_monsterinsights_skip_tracking":false,"_monsterinsights_sitenote_active":false,"_monsterinsights_sitenote_note":"","_monsterinsights_sitenote_category":0},"product_brand":[],"product_cat":[337,296,336],"product_tag":[],"class_list":{"0":"post-9568","1":"product","2":"type-product","3":"status-publish","4":"has-post-thumbnail","6":"product_cat-caixa-de-som","7":"product_cat-informatica","8":"product_cat-som","9":"thunk-woo-product-list","10":"big-store-woo-hover-zoom","11":"open-single-product-tab-horizontal","12":"open-shadow-","13":"open-shadow-hover-","15":"first","16":"instock","17":"sale","18":"shipping-taxable","19":"purchasable","20":"product-type-simple"},"aioseo_notices":[],"_links":{"self":[{"href":"https:\/\/infomacrio.com.br\/index.php\/wp-json\/wp\/v2\/product\/9568","targetHints":{"allow":["GET"]}}],"collection":[{"href":"https:\/\/infomacrio.com.br\/index.php\/wp-json\/wp\/v2\/product"}],"about":[{"href":"https:\/\/infomacrio.com.br\/index.php\/wp-json\/wp\/v2\/types\/product"}],"wp:featuredmedia":[{"embeddable":true,"href":"https:\/\/infomacrio.com.br\/index.php\/wp-json\/wp\/v2\/media\/9569"}],"wp:attachment":[{"href":"https:\/\/infomacrio.com.br\/index.php\/wp-json\/wp\/v2\/media?parent=9568"}],"wp:term":[{"taxonomy":"product_brand","embeddable":true,"href":"https:\/\/infomacrio.com.br\/index.php\/wp-json\/wp\/v2\/product_brand?post=9568"},{"taxonomy":"product_cat","embeddable":true,"href":"https:\/\/infomacrio.com.br\/index.php\/wp-json\/wp\/v2\/product_cat?post=9568"},{"taxonomy":"product_tag","embeddable":true,"href":"https:\/\/infomacrio.com.br\/index.php\/wp-json\/wp\/v2\/product_tag?post=9568"}],"curies":[{"name":"wp","href":"https:\/\/api.w.org\/{rel}","templated":true}]}}