{"id":9340,"date":"2024-01-29T11:43:16","date_gmt":"2024-01-29T14:43:16","guid":{"rendered":"https:\/\/infomacrio.com.br\/index.php\/produto\/olhal-fixo-reto-p-bap\/"},"modified":"2025-09-17T13:08:14","modified_gmt":"2025-09-17T16:08:14","slug":"olhal-fixo-reto-p-bap","status":"publish","type":"product","link":"https:\/\/infomacrio.com.br\/index.php\/produto\/olhal-fixo-reto-p-bap\/","title":{"rendered":"OLHAL FIXO RETO P\/ BAP"},"content":{"rendered":"<p>Banho de galvaniza\u00e7\u00e3o<\/p>\n<p>Utilizado em conjunto com outras pe\u00e7as para ancoragem de cabos mensageiros ou cabos de comunica\u00e7\u00e3o auto suportados.<\/p>\n<p>Dimens\u00f5es: 7 A x 6,5 L x 5 P (cm)<\/p>\n","protected":false},"excerpt":{"rendered":"<p>OLHAL FIXO RETO P\/ BAP<\/p>\n","protected":false},"featured_media":9360,"template":"","meta":{"om_disable_all_campaigns":false,"_monsterinsights_skip_tracking":false,"_monsterinsights_sitenote_active":false,"_monsterinsights_sitenote_note":"","_monsterinsights_sitenote_category":0},"product_brand":[],"product_cat":[311,370],"product_tag":[],"class_list":{"0":"post-9340","1":"product","2":"type-product","3":"status-publish","4":"has-post-thumbnail","6":"product_cat-ancoragem","7":"product_cat-ferragens","8":"thunk-woo-product-list","9":"big-store-woo-hover-zoom","10":"open-single-product-tab-horizontal","11":"open-shadow-","12":"open-shadow-hover-","14":"first","15":"instock","16":"sale","17":"shipping-taxable","18":"purchasable","19":"product-type-simple"},"aioseo_notices":[],"_links":{"self":[{"href":"https:\/\/infomacrio.com.br\/index.php\/wp-json\/wp\/v2\/product\/9340","targetHints":{"allow":["GET"]}}],"collection":[{"href":"https:\/\/infomacrio.com.br\/index.php\/wp-json\/wp\/v2\/product"}],"about":[{"href":"https:\/\/infomacrio.com.br\/index.php\/wp-json\/wp\/v2\/types\/product"}],"wp:featuredmedia":[{"embeddable":true,"href":"https:\/\/infomacrio.com.br\/index.php\/wp-json\/wp\/v2\/media\/9360"}],"wp:attachment":[{"href":"https:\/\/infomacrio.com.br\/index.php\/wp-json\/wp\/v2\/media?parent=9340"}],"wp:term":[{"taxonomy":"product_brand","embeddable":true,"href":"https:\/\/infomacrio.com.br\/index.php\/wp-json\/wp\/v2\/product_brand?post=9340"},{"taxonomy":"product_cat","embeddable":true,"href":"https:\/\/infomacrio.com.br\/index.php\/wp-json\/wp\/v2\/product_cat?post=9340"},{"taxonomy":"product_tag","embeddable":true,"href":"https:\/\/infomacrio.com.br\/index.php\/wp-json\/wp\/v2\/product_tag?post=9340"}],"curies":[{"name":"wp","href":"https:\/\/api.w.org\/{rel}","templated":true}]}}