{"id":9277,"date":"2023-12-29T12:15:55","date_gmt":"2023-12-29T15:15:55","guid":{"rendered":"https:\/\/infomacrio.com.br\/index.php\/produto\/mouse-hoopson-sem-fio-ms-037w\/"},"modified":"2026-03-31T10:50:42","modified_gmt":"2026-03-31T13:50:42","slug":"mouse-hoopson-sem-fio-ms-037w","status":"publish","type":"product","link":"https:\/\/infomacrio.com.br\/index.php\/produto\/mouse-hoopson-sem-fio-ms-037w\/","title":{"rendered":"MOUSE HOOPSON SEM FIO MS-037W"},"content":{"rendered":"<p>Frequ\u00eancia de transmiss\u00e3o: 2.4Hz, DPI: 800 \u2013 1200 \u2013 1600, Conex\u00e3o: Receptor mini USB, Alcance: 10 metros, Alimenta\u00e7\u00e3o: Duas pilhas AAA(N\u00e3o Inclusas), Dimens\u00f5es: 103x57x36mm<\/p>\n<p>\u2022 Tamanho: 103x57x36mm<br \/>\n\u2022 Alcance at\u00e9 10m<br \/>\n\u2022 Resolu\u00e7\u00e3o: 800 &#8211; 1200 &#8211; 1600 DPI<br \/>\n\u2022 Transmiss\u00e3o: 2.4GHz<br \/>\n\u2022 Alimenta\u00e7\u00e3o: 2 Pilha AAA (N\u00e3o Inclusas)<\/p>\n","protected":false},"excerpt":{"rendered":"<p>MOUSE HOOPSON SEM FIO MS-037W<\/p>\n","protected":false},"featured_media":9279,"template":"","meta":{"om_disable_all_campaigns":false,"_monsterinsights_skip_tracking":false,"_monsterinsights_sitenote_active":false,"_monsterinsights_sitenote_note":"","_monsterinsights_sitenote_category":0},"product_brand":[],"product_cat":[296,393,384],"product_tag":[],"class_list":{"0":"post-9277","1":"product","2":"type-product","3":"status-publish","4":"has-post-thumbnail","6":"product_cat-informatica","7":"product_cat-mouse","8":"product_cat-perifericos","9":"thunk-woo-product-list","10":"big-store-woo-hover-zoom","11":"open-single-product-tab-horizontal","12":"open-shadow-","13":"open-shadow-hover-","15":"first","16":"instock","17":"sale","18":"shipping-taxable","19":"purchasable","20":"product-type-simple"},"aioseo_notices":[],"_links":{"self":[{"href":"https:\/\/infomacrio.com.br\/index.php\/wp-json\/wp\/v2\/product\/9277","targetHints":{"allow":["GET"]}}],"collection":[{"href":"https:\/\/infomacrio.com.br\/index.php\/wp-json\/wp\/v2\/product"}],"about":[{"href":"https:\/\/infomacrio.com.br\/index.php\/wp-json\/wp\/v2\/types\/product"}],"wp:featuredmedia":[{"embeddable":true,"href":"https:\/\/infomacrio.com.br\/index.php\/wp-json\/wp\/v2\/media\/9279"}],"wp:attachment":[{"href":"https:\/\/infomacrio.com.br\/index.php\/wp-json\/wp\/v2\/media?parent=9277"}],"wp:term":[{"taxonomy":"product_brand","embeddable":true,"href":"https:\/\/infomacrio.com.br\/index.php\/wp-json\/wp\/v2\/product_brand?post=9277"},{"taxonomy":"product_cat","embeddable":true,"href":"https:\/\/infomacrio.com.br\/index.php\/wp-json\/wp\/v2\/product_cat?post=9277"},{"taxonomy":"product_tag","embeddable":true,"href":"https:\/\/infomacrio.com.br\/index.php\/wp-json\/wp\/v2\/product_tag?post=9277"}],"curies":[{"name":"wp","href":"https:\/\/api.w.org\/{rel}","templated":true}]}}