{"id":8970,"date":"2023-09-15T12:44:34","date_gmt":"2023-09-15T15:44:34","guid":{"rendered":"https:\/\/infomacrio.com.br\/index.php\/produto\/escada-cogumelo-7-20m-efv-23\/"},"modified":"2026-01-21T10:30:11","modified_gmt":"2026-01-21T13:30:11","slug":"escada-cogumelo-7-20m-efv-23","status":"publish","type":"product","link":"https:\/\/infomacrio.com.br\/index.php\/produto\/escada-cogumelo-7-20m-efv-23\/","title":{"rendered":"ESCADA COGUMELO 7.20M EFV-23"},"content":{"rendered":"<p>Escada de Fibra Extensiva EFV-23 Aberta 7.20m Sudeste Descri\u00e7\u00e3o: &#8211; A Escada de Fibra de Vidro Extens\u00edvel EFV-23 COGUMELO \u00e9 um modelo extens\u00edvel vazado, com perfis &#8220;U&#8221; em fibra de vidro e degraus tipo &#8220;D&#8221; em alum\u00ednio com frisos antiderrapante; &#8211; Possui ainda sistema de catracas em alum\u00ednio, luvas de prote\u00e7\u00e3o pl\u00e1stica nos degraus e guias em a\u00e7o galvanizado e alum\u00ednio para facilitar a extens\u00e3o e recolhimento do montante m\u00f3vel; &#8211; Sapatas de borracha antiderrapante e ponteiras de acabamento em nylon; &#8211; Cintas em tira de nylon revestidas de borracha que se adaptam a qualquer padr\u00e3o de poste; &#8211; Modelo mais utilizado por profissionais de empresas de telecomunica\u00e7\u00f5es. Especifica\u00e7\u00f5es T\u00e9cnicas: &#8211; Marca: Sudeste; &#8211; Refer\u00eancia: RF-4; &#8211; Cor: Vermelha; &#8211; Carga de trabalho: 120 Kg; &#8211; Quantidade de degraus: 23; &#8211; Altura fechada: 4,25m; &#8211; Altura aberta: 7,20m; &#8211; Peso: 21Kg.<\/p>\n","protected":false},"excerpt":{"rendered":"<p>ESCADA COGUMELO 7.20M EFV-23<\/p>\n","protected":false},"featured_media":10785,"template":"","meta":{"om_disable_all_campaigns":false,"_monsterinsights_skip_tracking":false,"_monsterinsights_sitenote_active":false,"_monsterinsights_sitenote_note":"","_monsterinsights_sitenote_category":0},"product_brand":[],"product_cat":[313,408],"product_tag":[],"class_list":{"0":"post-8970","1":"product","2":"type-product","3":"status-publish","4":"has-post-thumbnail","6":"product_cat-ferramentas","7":"product_cat-para-diversos","8":"thunk-woo-product-list","9":"big-store-woo-hover-zoom","10":"open-single-product-tab-horizontal","11":"open-shadow-","12":"open-shadow-hover-","14":"first","15":"outofstock","16":"sale","17":"shipping-taxable","18":"purchasable","19":"product-type-simple"},"aioseo_notices":[],"_links":{"self":[{"href":"https:\/\/infomacrio.com.br\/index.php\/wp-json\/wp\/v2\/product\/8970","targetHints":{"allow":["GET"]}}],"collection":[{"href":"https:\/\/infomacrio.com.br\/index.php\/wp-json\/wp\/v2\/product"}],"about":[{"href":"https:\/\/infomacrio.com.br\/index.php\/wp-json\/wp\/v2\/types\/product"}],"wp:featuredmedia":[{"embeddable":true,"href":"https:\/\/infomacrio.com.br\/index.php\/wp-json\/wp\/v2\/media\/10785"}],"wp:attachment":[{"href":"https:\/\/infomacrio.com.br\/index.php\/wp-json\/wp\/v2\/media?parent=8970"}],"wp:term":[{"taxonomy":"product_brand","embeddable":true,"href":"https:\/\/infomacrio.com.br\/index.php\/wp-json\/wp\/v2\/product_brand?post=8970"},{"taxonomy":"product_cat","embeddable":true,"href":"https:\/\/infomacrio.com.br\/index.php\/wp-json\/wp\/v2\/product_cat?post=8970"},{"taxonomy":"product_tag","embeddable":true,"href":"https:\/\/infomacrio.com.br\/index.php\/wp-json\/wp\/v2\/product_tag?post=8970"}],"curies":[{"name":"wp","href":"https:\/\/api.w.org\/{rel}","templated":true}]}}