{"id":8895,"date":"2023-08-28T17:03:49","date_gmt":"2023-08-28T20:03:49","guid":{"rendered":"https:\/\/infomacrio.com.br\/index.php\/produto\/escada-cogumelo-efv-19\/"},"modified":"2026-01-28T14:57:18","modified_gmt":"2026-01-28T17:57:18","slug":"escada-cogumelo-efv-19","status":"publish","type":"product","link":"https:\/\/infomacrio.com.br\/index.php\/produto\/escada-cogumelo-efv-19\/","title":{"rendered":"ESCADA COGUMELO 6M EFV-19"},"content":{"rendered":"<p>A Escada Extens\u00edvel de 6 (seis) metros Cogumelo EFV-19 \u00e9 o tipo mais utilizado pelos profissionais da \u00e1rea de telecomunica\u00e7\u00e3o. Possui degraus em alum\u00ednio tipo \u201cD\u201d que proporcionam maior conforto e seguran\u00e7a para seus usu\u00e1rios.<\/p>\n<p>As longarinas em formato \u201cU\u201d s\u00e3o fabricadas em fibra de vidro. As laterais s\u00e3o na cor laranja, e este modelo possui ainda conjunto de corda e roldana anti-trava. Acompanham sapatas de borracha, garantindo maior ader\u00eancia e seguran\u00e7a.<\/p>\n<p>Conta com um cinta em tira de\u00a0nylon\u00a0e borracha, al\u00e9m do conjunto de catraca.<\/p>\n<p>Caracter\u00edsticas:<\/p>\n<p>Leve;<\/p>\n<p>Dur\u00e1vel;<\/p>\n<p>Resistente;<\/p>\n<p>N\u00e3o conduz eletricidade;<\/p>\n<p>N\u00e3o enferruja;<\/p>\n<p>Especifica\u00e7\u00f5es T\u00e9cnicas:<\/p>\n<p>Degraus em formato \u201cD\u201d, que d\u00e3o maior conforto para execu\u00e7\u00e3o de tarefas;<\/p>\n<p>Quantidade de degraus \u00fateis: 19 (dezenove);<\/p>\n<p>Carga de trabalho de 120 kg;<\/p>\n<p>Peso da escada: 20 kg;<\/p>\n<p>Dimens\u00f5es:<\/p>\n<p>Aberta: 6 metros;<\/p>\n<p>Fechada: 3,65 metros.<\/p>\n","protected":false},"excerpt":{"rendered":"<p>ESCADA COGUMELO 6M EFV-19<\/p>\n","protected":false},"featured_media":10784,"template":"","meta":{"om_disable_all_campaigns":false,"_monsterinsights_skip_tracking":false,"_monsterinsights_sitenote_active":false,"_monsterinsights_sitenote_note":"","_monsterinsights_sitenote_category":0},"product_brand":[],"product_cat":[313,408,348],"product_tag":[],"class_list":{"0":"post-8895","1":"product","2":"type-product","3":"status-publish","4":"has-post-thumbnail","6":"product_cat-ferramentas","7":"product_cat-para-diversos","8":"product_cat-para-fibra-optica","9":"thunk-woo-product-list","10":"big-store-woo-hover-zoom","11":"open-single-product-tab-horizontal","12":"open-shadow-","13":"open-shadow-hover-","15":"first","16":"outofstock","17":"sale","18":"shipping-taxable","19":"purchasable","20":"product-type-simple"},"aioseo_notices":[],"_links":{"self":[{"href":"https:\/\/infomacrio.com.br\/index.php\/wp-json\/wp\/v2\/product\/8895","targetHints":{"allow":["GET"]}}],"collection":[{"href":"https:\/\/infomacrio.com.br\/index.php\/wp-json\/wp\/v2\/product"}],"about":[{"href":"https:\/\/infomacrio.com.br\/index.php\/wp-json\/wp\/v2\/types\/product"}],"wp:featuredmedia":[{"embeddable":true,"href":"https:\/\/infomacrio.com.br\/index.php\/wp-json\/wp\/v2\/media\/10784"}],"wp:attachment":[{"href":"https:\/\/infomacrio.com.br\/index.php\/wp-json\/wp\/v2\/media?parent=8895"}],"wp:term":[{"taxonomy":"product_brand","embeddable":true,"href":"https:\/\/infomacrio.com.br\/index.php\/wp-json\/wp\/v2\/product_brand?post=8895"},{"taxonomy":"product_cat","embeddable":true,"href":"https:\/\/infomacrio.com.br\/index.php\/wp-json\/wp\/v2\/product_cat?post=8895"},{"taxonomy":"product_tag","embeddable":true,"href":"https:\/\/infomacrio.com.br\/index.php\/wp-json\/wp\/v2\/product_tag?post=8895"}],"curies":[{"name":"wp","href":"https:\/\/api.w.org\/{rel}","templated":true}]}}