{"id":8890,"date":"2023-08-26T11:03:21","date_gmt":"2023-08-26T14:03:21","guid":{"rendered":"https:\/\/infomacrio.com.br\/index.php\/produto\/kit-teclado-e-mouse-sem-fio-logitech-mk235\/"},"modified":"2026-04-08T11:30:57","modified_gmt":"2026-04-08T14:30:57","slug":"kit-teclado-e-mouse-sem-fio-logitech-mk235","status":"publish","type":"product","link":"https:\/\/infomacrio.com.br\/index.php\/produto\/kit-teclado-e-mouse-sem-fio-logitech-mk235\/","title":{"rendered":"KIT TECLADO E MOUSE SEM FIO LOGITECH MK235"},"content":{"rendered":"<p>Esta dupla oferece todas as funcionalidades de que voc\u00ea precisa em um design confort\u00e1vel e dur\u00e1vel que \u00e9 f\u00e1cil de usar e mant\u00e9m seu espa\u00e7o limpo e agrad\u00e1vel. Constru\u00eddo com os padr\u00f5es de qualidade conhecidos da Logitech, o MK235 Wireless Combo est\u00e1 nele para o longo prazo.<\/p>\n<p>Especifica\u00e7\u00f5es t\u00e9cnicas<\/p>\n<p>TECLADO<\/p>\n<p>Design resistente a derramamentos<\/p>\n<p>Suportes inclin\u00e1veis<\/p>\n<p>Teclado num\u00e9rico de 10 teclas<\/p>\n<p>Teclas especiais: 15 teclas de fun\u00e7\u00e3o<\/p>\n<p>At\u00e9 cinco milh\u00f5es de pressionamentos<\/p>\n<p>Duas pilhas AAA<\/p>\n<p>MOUSE<\/p>\n<p>Tecnologia do sensor: Rastreamento \u00f3ptico suave<\/p>\n<p>N\u00famero de bot\u00f5es: 3 (clique esquerdo\/direito, clique no meio)<\/p>\n<p>Rolagem linha a linha<\/p>\n<p>Roda de rolagem: Sim, 2D, \u00f3ptico<\/p>\n<p>Conectar\/Energia: Bot\u00e3o de ligar\/desligar<\/p>\n<p>1 pilha AA<\/p>\n<p>Aplicativo de personaliza\u00e7\u00e3o<\/p>\n<p>Suportado pelo Logi Options+ no Windows e macOS<\/p>\n","protected":false},"excerpt":{"rendered":"<p>KIT TECLADO E MOUSE SEM FIO LOGITECH MK235<\/p>\n","protected":false},"featured_media":10320,"template":"","meta":{"om_disable_all_campaigns":false,"_monsterinsights_skip_tracking":false,"_monsterinsights_sitenote_active":false,"_monsterinsights_sitenote_note":"","_monsterinsights_sitenote_category":0},"product_brand":[],"product_cat":[296,387,384],"product_tag":[],"class_list":{"0":"post-8890","1":"product","2":"type-product","3":"status-publish","4":"has-post-thumbnail","6":"product_cat-informatica","7":"product_cat-kit-teclado-e-mouse","8":"product_cat-perifericos","9":"thunk-woo-product-list","10":"big-store-woo-hover-zoom","11":"open-single-product-tab-horizontal","12":"open-shadow-","13":"open-shadow-hover-","15":"first","16":"instock","17":"sale","18":"shipping-taxable","19":"purchasable","20":"product-type-simple"},"aioseo_notices":[],"_links":{"self":[{"href":"https:\/\/infomacrio.com.br\/index.php\/wp-json\/wp\/v2\/product\/8890","targetHints":{"allow":["GET"]}}],"collection":[{"href":"https:\/\/infomacrio.com.br\/index.php\/wp-json\/wp\/v2\/product"}],"about":[{"href":"https:\/\/infomacrio.com.br\/index.php\/wp-json\/wp\/v2\/types\/product"}],"wp:featuredmedia":[{"embeddable":true,"href":"https:\/\/infomacrio.com.br\/index.php\/wp-json\/wp\/v2\/media\/10320"}],"wp:attachment":[{"href":"https:\/\/infomacrio.com.br\/index.php\/wp-json\/wp\/v2\/media?parent=8890"}],"wp:term":[{"taxonomy":"product_brand","embeddable":true,"href":"https:\/\/infomacrio.com.br\/index.php\/wp-json\/wp\/v2\/product_brand?post=8890"},{"taxonomy":"product_cat","embeddable":true,"href":"https:\/\/infomacrio.com.br\/index.php\/wp-json\/wp\/v2\/product_cat?post=8890"},{"taxonomy":"product_tag","embeddable":true,"href":"https:\/\/infomacrio.com.br\/index.php\/wp-json\/wp\/v2\/product_tag?post=8890"}],"curies":[{"name":"wp","href":"https:\/\/api.w.org\/{rel}","templated":true}]}}