{"id":8777,"date":"2023-08-10T12:03:21","date_gmt":"2023-08-10T15:03:21","guid":{"rendered":"https:\/\/infomacrio.com.br\/index.php\/produto\/roteador-mercusys-ax1500-d-band-mr60x-wifi-6\/"},"modified":"2026-04-15T10:18:43","modified_gmt":"2026-04-15T13:18:43","slug":"roteador-mercusys-ax1500-d-band-mr60x-wifi-6","status":"publish","type":"product","link":"https:\/\/infomacrio.com.br\/index.php\/produto\/roteador-mercusys-ax1500-d-band-mr60x-wifi-6\/","title":{"rendered":"ROTEADOR MERCUSYS AX1500 MR60X WIFI 6"},"content":{"rendered":"<ul>\n<li><strong>Atualize Sua Rede com Wi-Fi 6 \u2013<\/strong>MR60X vem equipado com o mais recente padr\u00e3o Wi-Fi 6, oferecendo mais conex\u00f5es simult\u00e2neas, ampliando o alcance do Wi-Fi e mantendo transmiss\u00f5es de dados rapidamente confi\u00e1veis.<\/li>\n<li><strong>Velocidades Mais R\u00e1pidas de 1.5 Gbps<\/strong>&#8211; Velocidades \u00f3timas do Wi-Fi 6 alcan\u00e7ando at\u00e9 1.5 Gbps (1201 Mbps na banda de 5 GHz e 300 Mbps na banda de 2.4 GHz)<\/li>\n<li><strong>Melhoria na Capacidade da Rede<\/strong>\u2013 OFDMA e MU-MIMO permitem a transmiss\u00e3o de dados simult\u00e2nea para v\u00e1rios dispositivos, melhorando a efici\u00eancia geral da rede<\/li>\n<li><strong>Cobertura Mais Ampla e Mais Forte<\/strong>\u2013 4\u00d7 antenas multi-direcionais de alta ganho com Beamforming aumentam conex\u00f5es est\u00e1veis em toda sua casa para sinais Wi-Fi fortes em cada canto<\/li>\n<li><strong>Conex\u00f5es Com Fio Gigabit\u00a0<\/strong>\u2013 Aproveite ao m\u00e1ximo seu acesso \u00e0 internet e transfira dados em velocidades vertiginosas para desempenho m\u00e1ximo<\/li>\n<li><strong>Prote\u00e7\u00e3o de Seguran\u00e7a Geral\u00a0<\/strong>\u2013 O mais recente WPA3 oferece seguran\u00e7a Wi-Fi melhorada<\/li>\n<li><strong>Menos Interfer\u00eancia de Wi-Fi\u00a0<\/strong>\u2013 Minimiza a interfer\u00eancia de sinais vizinhos para melhorar a efici\u00eancia de transmiss\u00e3o com BSS color<\/li>\n<li><strong>Conex\u00e3o Inteligente<\/strong>\u2013 Escolhe inteligentemente a melhor banda dispon\u00edvel para cada dispositivo<\/li>\n<\/ul>\n","protected":false},"excerpt":{"rendered":"<p>ROTEADOR MERCUSYS AX1500 MR60X WIFI 6<\/p>\n","protected":false},"featured_media":11056,"template":"","meta":{"om_disable_all_campaigns":false,"_monsterinsights_skip_tracking":false,"_monsterinsights_sitenote_active":false,"_monsterinsights_sitenote_note":"","_monsterinsights_sitenote_category":0},"product_brand":[],"product_cat":[423,294],"product_tag":[],"class_list":{"0":"post-8777","1":"product","2":"type-product","3":"status-publish","4":"has-post-thumbnail","6":"product_cat-roteador-wireless","7":"product_cat-wireless","8":"thunk-woo-product-list","9":"big-store-woo-hover-zoom","10":"open-single-product-tab-horizontal","11":"open-shadow-","12":"open-shadow-hover-","14":"first","15":"instock","16":"sale","17":"shipping-taxable","18":"purchasable","19":"product-type-simple"},"aioseo_notices":[],"_links":{"self":[{"href":"https:\/\/infomacrio.com.br\/index.php\/wp-json\/wp\/v2\/product\/8777","targetHints":{"allow":["GET"]}}],"collection":[{"href":"https:\/\/infomacrio.com.br\/index.php\/wp-json\/wp\/v2\/product"}],"about":[{"href":"https:\/\/infomacrio.com.br\/index.php\/wp-json\/wp\/v2\/types\/product"}],"wp:featuredmedia":[{"embeddable":true,"href":"https:\/\/infomacrio.com.br\/index.php\/wp-json\/wp\/v2\/media\/11056"}],"wp:attachment":[{"href":"https:\/\/infomacrio.com.br\/index.php\/wp-json\/wp\/v2\/media?parent=8777"}],"wp:term":[{"taxonomy":"product_brand","embeddable":true,"href":"https:\/\/infomacrio.com.br\/index.php\/wp-json\/wp\/v2\/product_brand?post=8777"},{"taxonomy":"product_cat","embeddable":true,"href":"https:\/\/infomacrio.com.br\/index.php\/wp-json\/wp\/v2\/product_cat?post=8777"},{"taxonomy":"product_tag","embeddable":true,"href":"https:\/\/infomacrio.com.br\/index.php\/wp-json\/wp\/v2\/product_tag?post=8777"}],"curies":[{"name":"wp","href":"https:\/\/api.w.org\/{rel}","templated":true}]}}