{"id":8316,"date":"2022-11-18T17:52:32","date_gmt":"2022-11-18T20:52:32","guid":{"rendered":"https:\/\/infomacrio.com.br\/index.php\/produto\/alicate-decapador-de-fibra-3-posicoes-2flex\/"},"modified":"2026-04-09T09:41:00","modified_gmt":"2026-04-09T12:41:00","slug":"alicate-decapador-de-fibra-3-posicoes-2flex","status":"publish","type":"product","link":"https:\/\/infomacrio.com.br\/index.php\/produto\/alicate-decapador-de-fibra-3-posicoes-2flex\/","title":{"rendered":"ALICATE DECAPADOR DE FIBRA 3 POSI\u00c7\u00d5ES 2FLEX"},"content":{"rendered":"<p>O Alicate decapador de fibra 3 posi\u00e7\u00f5es \u00e9 uma ferramenta de decapagem de alta precis\u00e3o. Possui mand\u00edbulas endurecidas extremamente precisas, proporcionando uma a\u00e7\u00e3o de decapagem suave e limpa. Remove os revestimentos da fibra de 125 \u03bcm sem arranhar a pr\u00f3pria fibra. O Alicate decapador de Fibra 3 posi\u00e7\u00f5es \u00e9 feito de a\u00e7o inoxid\u00e1vel.<\/p>\n<ul>\n<li>Materiais de bricolagem: El\u00e9trica;<\/li>\n<li>Para remo\u00e7\u00e3o do revestimento de 250 m\u00edcrons e expor a fibra em 125 m\u00edcrons;<\/li>\n<li>Furo para remo\u00e7\u00e3o de revestimentos de fibra de 2 \u00e0 3mm;<\/li>\n<li>Furo e 140 \u03bcm e abertura em \u201cV\u201d permite a remo\u00e7\u00e3o do revestimento de 250 m\u00edcrons, expondo a fibra em 125 m\u00edcrons;<\/li>\n<li>Pr\u00e9-configurado de f\u00e1brica n\u00e3o sendo necess\u00e1rios ajustes;<\/li>\n<li>N\u00e3o arranha ou prejudica a fibra;<\/li>\n<li>Todas as superf\u00edcies de decapagem s\u00e3o fabricadas com toler\u00e2ncias precisas para garantir resultados exatos,limpos e lisos;<\/li>\n<li>Comfort-grip, al\u00e7as ergon\u00f4micas;<\/li>\n<li>Trava de seguran\u00e7a para manter a ferramenta fechada enquanto n\u00e3o estiver em uso.<\/li>\n<\/ul>\n","protected":false},"excerpt":{"rendered":"<p>ALICATE DECAPADOR DE FIBRA 3 POSI\u00c7\u00d5ES 2FLEX<\/p>\n","protected":false},"featured_media":10314,"template":"","meta":{"om_disable_all_campaigns":false,"_monsterinsights_skip_tracking":false,"_monsterinsights_sitenote_active":false,"_monsterinsights_sitenote_note":"","_monsterinsights_sitenote_category":0},"product_brand":[],"product_cat":[360,313,348],"product_tag":[],"class_list":{"0":"post-8316","1":"product","2":"type-product","3":"status-publish","4":"has-post-thumbnail","6":"product_cat-decapador-de-drop","7":"product_cat-ferramentas","8":"product_cat-para-fibra-optica","9":"thunk-woo-product-list","10":"big-store-woo-hover-zoom","11":"open-single-product-tab-horizontal","12":"open-shadow-","13":"open-shadow-hover-","15":"first","16":"instock","17":"sale","18":"shipping-taxable","19":"purchasable","20":"product-type-simple"},"aioseo_notices":[],"_links":{"self":[{"href":"https:\/\/infomacrio.com.br\/index.php\/wp-json\/wp\/v2\/product\/8316","targetHints":{"allow":["GET"]}}],"collection":[{"href":"https:\/\/infomacrio.com.br\/index.php\/wp-json\/wp\/v2\/product"}],"about":[{"href":"https:\/\/infomacrio.com.br\/index.php\/wp-json\/wp\/v2\/types\/product"}],"wp:featuredmedia":[{"embeddable":true,"href":"https:\/\/infomacrio.com.br\/index.php\/wp-json\/wp\/v2\/media\/10314"}],"wp:attachment":[{"href":"https:\/\/infomacrio.com.br\/index.php\/wp-json\/wp\/v2\/media?parent=8316"}],"wp:term":[{"taxonomy":"product_brand","embeddable":true,"href":"https:\/\/infomacrio.com.br\/index.php\/wp-json\/wp\/v2\/product_brand?post=8316"},{"taxonomy":"product_cat","embeddable":true,"href":"https:\/\/infomacrio.com.br\/index.php\/wp-json\/wp\/v2\/product_cat?post=8316"},{"taxonomy":"product_tag","embeddable":true,"href":"https:\/\/infomacrio.com.br\/index.php\/wp-json\/wp\/v2\/product_tag?post=8316"}],"curies":[{"name":"wp","href":"https:\/\/api.w.org\/{rel}","templated":true}]}}