{"id":8078,"date":"2022-11-18T17:49:59","date_gmt":"2022-11-18T20:49:59","guid":{"rendered":"https:\/\/infomacrio.com.br\/index.php\/produto\/power-meter-evus-ev-60-8501625nm\/"},"modified":"2025-08-08T08:01:30","modified_gmt":"2025-08-08T11:01:30","slug":"power-meter-evus-ev-60-8501625nm","status":"publish","type":"product","link":"https:\/\/infomacrio.com.br\/index.php\/produto\/power-meter-evus-ev-60-8501625nm\/","title":{"rendered":"POWER METER EVUS EV-60 850~1625NM"},"content":{"rendered":"<p>O Medidor de Pot\u00eancia Optica (Power Meter) Evus EV-60, \u00e9<br \/>\n utilizado para medir pot\u00eancia e perda relativa em redes de fibra \u00f3ptica de<br \/>\nponta  a ponta ou ponto-multiponto.Foi desenvolvido para atender uma vasta gama de medi\u00e7\u00e3o de<br \/>\n pot\u00eancia, garantindo alta precis\u00e3o.<\/p>\n<p>Caracter\u00edsticas:<\/p>\n<p>Tipo Um<br \/>\n B<\/p>\n<p>Comprimento de onda (nm) 800 ~<br \/>\n1700nm<\/p>\n<p>Detector<br \/>\nInGaAs<\/p>\n<p>Faixa de medi\u00e7\u00e3o (dbm) -70~ 10<br \/>\n-50~ 26<\/p>\n<p>Incerteza<br \/>\n0.2(5%)<\/p>\n<p>Calibrado Comprimento de onda (nm) 850.980, 1300,1310,<br \/>\n 1490,1550 (mais comprimento de onda calibrado pode ser<br \/>\n opcional)<\/p>\n<p>Resolu\u00e7\u00e3o (db) Indica\u00e7\u00e3o linear: 0,1% indica\u00e7\u00e3o<br \/>\nloharithmic: 0.01dBm<\/p>\n<p>Conector \u00f3ptico Fc\/universal 2,5 mm adaptador (fc, sc, ST<br \/>\nconector intercambi\u00e1veis pode ser opcional)<\/p>\n<p>Fonte de alimenta\u00e7\u00e3o Bateria alcalina (3 pilhas AA<br \/>\n1,5v)<\/p>\n<p>Tempo de opera\u00e7\u00e3o da bateria 240 h com 1,5 V bateria<br \/>\n(3)<\/p>\n<p>Temperatura de opera\u00e7\u00e3o -10 ~  60<\/p>\n<p>Temperatura de armazenamento -25 ~<br \/>\n 70<\/p>\n<p>Umidade relativa 0 a 95% (sem<br \/>\ncondensa\u00e7\u00e3o)<\/p>\n<p>Dimens\u00e3o (mm) 190 x 100 x<br \/>\n48<\/p>\n","protected":false},"excerpt":{"rendered":"<p>POWER METER EVUS EV-60 850~1625NM<\/p>\n","protected":false},"featured_media":8076,"template":"","meta":{"om_disable_all_campaigns":false,"_monsterinsights_skip_tracking":false,"_monsterinsights_sitenote_active":false,"_monsterinsights_sitenote_note":"","_monsterinsights_sitenote_category":0},"product_brand":[],"product_cat":[313,348,417],"product_tag":[],"class_list":{"0":"post-8078","1":"product","2":"type-product","3":"status-publish","4":"has-post-thumbnail","6":"product_cat-ferramentas","7":"product_cat-para-fibra-optica","8":"product_cat-power-meter","9":"thunk-woo-product-list","10":"big-store-woo-hover-zoom","11":"open-single-product-tab-horizontal","12":"open-shadow-","13":"open-shadow-hover-","15":"first","16":"outofstock","17":"sale","18":"shipping-taxable","19":"purchasable","20":"product-type-simple"},"aioseo_notices":[],"_links":{"self":[{"href":"https:\/\/infomacrio.com.br\/index.php\/wp-json\/wp\/v2\/product\/8078","targetHints":{"allow":["GET"]}}],"collection":[{"href":"https:\/\/infomacrio.com.br\/index.php\/wp-json\/wp\/v2\/product"}],"about":[{"href":"https:\/\/infomacrio.com.br\/index.php\/wp-json\/wp\/v2\/types\/product"}],"wp:featuredmedia":[{"embeddable":true,"href":"https:\/\/infomacrio.com.br\/index.php\/wp-json\/wp\/v2\/media\/8076"}],"wp:attachment":[{"href":"https:\/\/infomacrio.com.br\/index.php\/wp-json\/wp\/v2\/media?parent=8078"}],"wp:term":[{"taxonomy":"product_brand","embeddable":true,"href":"https:\/\/infomacrio.com.br\/index.php\/wp-json\/wp\/v2\/product_brand?post=8078"},{"taxonomy":"product_cat","embeddable":true,"href":"https:\/\/infomacrio.com.br\/index.php\/wp-json\/wp\/v2\/product_cat?post=8078"},{"taxonomy":"product_tag","embeddable":true,"href":"https:\/\/infomacrio.com.br\/index.php\/wp-json\/wp\/v2\/product_tag?post=8078"}],"curies":[{"name":"wp","href":"https:\/\/api.w.org\/{rel}","templated":true}]}}