{"id":7885,"date":"2022-11-18T17:48:14","date_gmt":"2022-11-18T20:48:14","guid":{"rendered":"https:\/\/infomacrio.com.br\/index.php\/produto\/roseta-pto-2flex-ponto-terminacao-optica\/"},"modified":"2026-04-24T14:15:27","modified_gmt":"2026-04-24T17:15:27","slug":"roseta-pto-2flex-ponto-terminacao-optica","status":"publish","type":"product","link":"https:\/\/infomacrio.com.br\/index.php\/produto\/roseta-pto-2flex-ponto-terminacao-optica\/","title":{"rendered":"ROSETA PTO 2FLEX &#8211; PONTO TERMINA\u00c7\u00c3O OPTICA"},"content":{"rendered":"<p>Desenvolvido para instala\u00e7\u00e3o em redes FTTH\/PTO (Ponto de termina\u00e7\u00e3o \u00f3ptica), capaz de acomodar at\u00e9 2 conectores. Permite realizar a termina\u00e7\u00e3o, atrav\u00e9s de conex\u00e3o direta ou emenda por fus\u00e3o em extens\u00e3o pr\u00e9-conectada, com capacidade de acomoda\u00e7\u00e3o de emendas \u00f3pticas por fus\u00e3o ou emendas mec\u00e2nicas e possui duas entradas destac\u00e1veis para entrada\/sa\u00edda de cabos ou cord\u00f5es \u00f3pticos com capacidade de utiliza\u00e7\u00e3o de at\u00e9 2 conectores \u00f3pticos tipo SC Simplex ou LC-Duplex, acomoda\u00e7\u00e3o de reserva t\u00e9cnica para<br \/>\ncabo drop ou patch cord de fibra e possibilita fixa\u00e7\u00e3o de entrada de cabos de diversos di\u00e2metros (travamento por parafuso ou abra\u00e7adeira).<\/p>\n<p><strong>Vantagens<\/strong><\/p>\n<ul>\n<li>Estrutura compacta;<\/li>\n<li>F\u00e1cil manuseio;<\/li>\n<li>Pode ser instalado em caixas herm\u00e9ticas, possibilitando seu uso em ambientes externos;<\/li>\n<li>Permite raio de curvatura m\u00ednimo de 30 mm em sua estrutura (reserva t\u00e9cnica);<\/li>\n<li>Confeccionado em pl\u00e1stico de alta resist\u00eancia mec\u00e2nica;<\/li>\n<li>Reserva t\u00e9cnica interna;<\/li>\n<li>Possui presilha destac\u00e1vel para fixa\u00e7\u00e3o de fibra.<\/li>\n<\/ul>\n<p><strong>Caracter\u00edsticas T\u00e9cnicas<\/strong><\/p>\n<ul>\n<li>Altura: 114,9 mm;<\/li>\n<li>Largura: 79,8 mm ;<\/li>\n<li>Profundidade: 22,5 mm ;<\/li>\n<li>Cor: Branca;<\/li>\n<li>Tipo de conector: SC;<\/li>\n<li>Tipo de polimento: APC ou PC (UPC ou SPC);<\/li>\n<li>Quantidade de posi\u00e7\u00f5es:<br \/>\n2 posi\u00e7\u00f5es para emendas \u00f3pticas por fus\u00e3o ou mec\u00e2nicas;<br \/>\n2 posi\u00e7\u00e3o para adaptador \u00f3ptico SC simplex ou LC duplex;<\/li>\n<li>Material do corpo do produto: Pl\u00e1stico ABS.<\/li>\n<\/ul>\n","protected":false},"excerpt":{"rendered":"<p>ROSETA PTO 2FLEX &#8211; PONTO TERMINA\u00c7\u00c3O OPTICA<\/p>\n","protected":false},"featured_media":7884,"template":"","meta":{"om_disable_all_campaigns":false,"_monsterinsights_skip_tracking":false,"_monsterinsights_sitenote_active":false,"_monsterinsights_sitenote_note":"","_monsterinsights_sitenote_category":0},"product_brand":[],"product_cat":[302,301,422],"product_tag":[],"class_list":{"0":"post-7885","1":"product","2":"type-product","3":"status-publish","4":"has-post-thumbnail","6":"product_cat-cto","7":"product_cat-fibra-optica","8":"product_cat-roseta-cto-pto","9":"thunk-woo-product-list","10":"big-store-woo-hover-zoom","11":"open-single-product-tab-horizontal","12":"open-shadow-","13":"open-shadow-hover-","15":"first","16":"instock","17":"sale","18":"shipping-taxable","19":"purchasable","20":"product-type-simple"},"aioseo_notices":[],"_links":{"self":[{"href":"https:\/\/infomacrio.com.br\/index.php\/wp-json\/wp\/v2\/product\/7885","targetHints":{"allow":["GET"]}}],"collection":[{"href":"https:\/\/infomacrio.com.br\/index.php\/wp-json\/wp\/v2\/product"}],"about":[{"href":"https:\/\/infomacrio.com.br\/index.php\/wp-json\/wp\/v2\/types\/product"}],"wp:featuredmedia":[{"embeddable":true,"href":"https:\/\/infomacrio.com.br\/index.php\/wp-json\/wp\/v2\/media\/7884"}],"wp:attachment":[{"href":"https:\/\/infomacrio.com.br\/index.php\/wp-json\/wp\/v2\/media?parent=7885"}],"wp:term":[{"taxonomy":"product_brand","embeddable":true,"href":"https:\/\/infomacrio.com.br\/index.php\/wp-json\/wp\/v2\/product_brand?post=7885"},{"taxonomy":"product_cat","embeddable":true,"href":"https:\/\/infomacrio.com.br\/index.php\/wp-json\/wp\/v2\/product_cat?post=7885"},{"taxonomy":"product_tag","embeddable":true,"href":"https:\/\/infomacrio.com.br\/index.php\/wp-json\/wp\/v2\/product_tag?post=7885"}],"curies":[{"name":"wp","href":"https:\/\/api.w.org\/{rel}","templated":true}]}}