{"id":7808,"date":"2022-11-18T17:47:34","date_gmt":"2022-11-18T20:47:34","guid":{"rendered":"https:\/\/infomacrio.com.br\/index.php\/produto\/pasta-termica-seringa-prata\/"},"modified":"2026-04-29T13:56:30","modified_gmt":"2026-04-29T16:56:30","slug":"pasta-termica-seringa-prata","status":"publish","type":"product","link":"https:\/\/infomacrio.com.br\/index.php\/produto\/pasta-termica-seringa-prata\/","title":{"rendered":"PASTA TERMICA FREEZY FORTREK"},"content":{"rendered":"<p>A Pasta T\u00e9rmica Freezy Light \u00e9 a escolha ideal para quem busca efici\u00eancia e praticidade. Com f\u00e1cil aplica\u00e7\u00e3o, ela garante \u00f3timo desempenho t\u00e9rmico para os componentes. Feita de silicone de alta qualidade, a Pasta T\u00e9rmica Freezy Light proporciona uma transfer\u00eancia de calor eficaz e duradoura.<\/p>\n","protected":false},"excerpt":{"rendered":"<p>PASTA TERMICA FREEZY FORTREK<\/p>\n","protected":false},"featured_media":10822,"template":"","meta":{"om_disable_all_campaigns":false,"_monsterinsights_skip_tracking":false,"_monsterinsights_sitenote_active":false,"_monsterinsights_sitenote_note":"","_monsterinsights_sitenote_category":0},"product_brand":[],"product_cat":[354,296,398],"product_tag":[],"class_list":{"0":"post-7808","1":"product","2":"type-product","3":"status-publish","4":"has-post-thumbnail","6":"product_cat-hardware","7":"product_cat-informatica","8":"product_cat-outros","9":"thunk-woo-product-list","10":"big-store-woo-hover-zoom","11":"open-single-product-tab-horizontal","12":"open-shadow-","13":"open-shadow-hover-","15":"first","16":"instock","17":"sale","18":"shipping-taxable","19":"purchasable","20":"product-type-simple"},"aioseo_notices":[],"_links":{"self":[{"href":"https:\/\/infomacrio.com.br\/index.php\/wp-json\/wp\/v2\/product\/7808","targetHints":{"allow":["GET"]}}],"collection":[{"href":"https:\/\/infomacrio.com.br\/index.php\/wp-json\/wp\/v2\/product"}],"about":[{"href":"https:\/\/infomacrio.com.br\/index.php\/wp-json\/wp\/v2\/types\/product"}],"wp:featuredmedia":[{"embeddable":true,"href":"https:\/\/infomacrio.com.br\/index.php\/wp-json\/wp\/v2\/media\/10822"}],"wp:attachment":[{"href":"https:\/\/infomacrio.com.br\/index.php\/wp-json\/wp\/v2\/media?parent=7808"}],"wp:term":[{"taxonomy":"product_brand","embeddable":true,"href":"https:\/\/infomacrio.com.br\/index.php\/wp-json\/wp\/v2\/product_brand?post=7808"},{"taxonomy":"product_cat","embeddable":true,"href":"https:\/\/infomacrio.com.br\/index.php\/wp-json\/wp\/v2\/product_cat?post=7808"},{"taxonomy":"product_tag","embeddable":true,"href":"https:\/\/infomacrio.com.br\/index.php\/wp-json\/wp\/v2\/product_tag?post=7808"}],"curies":[{"name":"wp","href":"https:\/\/api.w.org\/{rel}","templated":true}]}}