{"id":7733,"date":"2022-11-18T17:46:56","date_gmt":"2022-11-18T20:46:56","guid":{"rendered":"https:\/\/infomacrio.com.br\/index.php\/produto\/alicate-decapador-de-fibra-lt-s50-pluscable\/"},"modified":"2026-04-24T10:51:48","modified_gmt":"2026-04-24T13:51:48","slug":"alicate-decapador-de-fibra-lt-s50-pluscable","status":"publish","type":"product","link":"https:\/\/infomacrio.com.br\/index.php\/produto\/alicate-decapador-de-fibra-lt-s50-pluscable\/","title":{"rendered":"DECAPADOR DE FIBRA LONGITUDINAL 1.5 A 3.3MM"},"content":{"rendered":"<p>Ferramenta para corte longitudinal do tubo loose proporcionando acesso \u00e0 fibra \u00f3ptica sem a necessidade de romp\u00ea-la.<br \/>\nUtilizado no processo de sangria de cabos de fibra \u00f3ptica. \u00c9 uma ferramenta eficiente e indispens\u00e1vel para o corte longitudinal de tubos loose, possibilitando o acesso \u00e0 fibra para deriva\u00e7\u00e3o, sem necessidade de cortar todas as fibras do cabo e, consequentemente, sem precisar fazer todas as fus\u00f5es.<\/p>\n<p>Especifica\u00e7\u00f5es T\u00e9cnicas:<\/p>\n<p>\u2013 Cavidades: 1.5 1.9mm\/2.0 2.4mm\/2.5 2.9mm\/3.0 3.3mm;<br \/>\n\u2013 Cor: Preto;<br \/>\n\u2013 Corte Longitudinal.<\/p>\n","protected":false},"excerpt":{"rendered":"<p>DECAPADOR DE FIBRA LONGITUDINAL 1.5 A 3.3MM<\/p>\n","protected":false},"featured_media":10729,"template":"","meta":{"om_disable_all_campaigns":false,"_monsterinsights_skip_tracking":false,"_monsterinsights_sitenote_active":false,"_monsterinsights_sitenote_note":"","_monsterinsights_sitenote_category":0},"product_brand":[],"product_cat":[360,313,348],"product_tag":[],"class_list":{"0":"post-7733","1":"product","2":"type-product","3":"status-publish","4":"has-post-thumbnail","6":"product_cat-decapador-de-drop","7":"product_cat-ferramentas","8":"product_cat-para-fibra-optica","9":"thunk-woo-product-list","10":"big-store-woo-hover-zoom","11":"open-single-product-tab-horizontal","12":"open-shadow-","13":"open-shadow-hover-","15":"first","16":"instock","17":"sale","18":"shipping-taxable","19":"purchasable","20":"product-type-simple"},"aioseo_notices":[],"_links":{"self":[{"href":"https:\/\/infomacrio.com.br\/index.php\/wp-json\/wp\/v2\/product\/7733","targetHints":{"allow":["GET"]}}],"collection":[{"href":"https:\/\/infomacrio.com.br\/index.php\/wp-json\/wp\/v2\/product"}],"about":[{"href":"https:\/\/infomacrio.com.br\/index.php\/wp-json\/wp\/v2\/types\/product"}],"wp:featuredmedia":[{"embeddable":true,"href":"https:\/\/infomacrio.com.br\/index.php\/wp-json\/wp\/v2\/media\/10729"}],"wp:attachment":[{"href":"https:\/\/infomacrio.com.br\/index.php\/wp-json\/wp\/v2\/media?parent=7733"}],"wp:term":[{"taxonomy":"product_brand","embeddable":true,"href":"https:\/\/infomacrio.com.br\/index.php\/wp-json\/wp\/v2\/product_brand?post=7733"},{"taxonomy":"product_cat","embeddable":true,"href":"https:\/\/infomacrio.com.br\/index.php\/wp-json\/wp\/v2\/product_cat?post=7733"},{"taxonomy":"product_tag","embeddable":true,"href":"https:\/\/infomacrio.com.br\/index.php\/wp-json\/wp\/v2\/product_tag?post=7733"}],"curies":[{"name":"wp","href":"https:\/\/api.w.org\/{rel}","templated":true}]}}