{"id":7419,"date":"2022-11-18T17:44:03","date_gmt":"2022-11-18T20:44:03","guid":{"rendered":"https:\/\/infomacrio.com.br\/index.php\/produto\/conector-de-emenda-gel-bargoa-101e-c-200un\/"},"modified":"2026-03-18T11:49:26","modified_gmt":"2026-03-18T14:49:26","slug":"conector-de-emenda-gel-bargoa-101e-c-200un","status":"publish","type":"product","link":"https:\/\/infomacrio.com.br\/index.php\/produto\/conector-de-emenda-gel-bargoa-101e-c-200un\/","title":{"rendered":"CONECTOR DE EMENDA GEL BARGOA 101E C\/ 200UN"},"content":{"rendered":"<p>O Conector Linear 101-E Bargoa (Emenda Gel) da Central Network \u00e9 ideal para realizar emendas de fios de cabos telef\u00f4nicos com di\u00e2metro entre 0,40 e 0,65mm com isolamento de papel ou de pl\u00e1stico. Utiliza tecnologia IDC (Insulation Displacement Conection) e, de acordo com o modelo, \u00e9 indicado para aplica\u00e7\u00e3o em emendas diretas ou derivadas, em redes a\u00e9reas ou subterr\u00e2neas.<\/p>\n","protected":false},"excerpt":{"rendered":"<p>CONECTOR DE EMENDA GEL BARGOA 101E C\/ 200UN<\/p>\n","protected":false},"featured_media":7418,"template":"","meta":{"om_disable_all_campaigns":false,"_monsterinsights_skip_tracking":false,"_monsterinsights_sitenote_active":false,"_monsterinsights_sitenote_note":"","_monsterinsights_sitenote_category":0},"product_brand":[],"product_cat":[299,436,298],"product_tag":[],"class_list":{"0":"post-7419","1":"product","2":"type-product","3":"status-publish","4":"has-post-thumbnail","6":"product_cat-cftv","7":"product_cat-conector","8":"product_cat-network","9":"thunk-woo-product-list","10":"big-store-woo-hover-zoom","11":"open-single-product-tab-horizontal","12":"open-shadow-","13":"open-shadow-hover-","15":"first","16":"instock","17":"sale","18":"shipping-taxable","19":"purchasable","20":"product-type-simple"},"aioseo_notices":[],"_links":{"self":[{"href":"https:\/\/infomacrio.com.br\/index.php\/wp-json\/wp\/v2\/product\/7419","targetHints":{"allow":["GET"]}}],"collection":[{"href":"https:\/\/infomacrio.com.br\/index.php\/wp-json\/wp\/v2\/product"}],"about":[{"href":"https:\/\/infomacrio.com.br\/index.php\/wp-json\/wp\/v2\/types\/product"}],"wp:featuredmedia":[{"embeddable":true,"href":"https:\/\/infomacrio.com.br\/index.php\/wp-json\/wp\/v2\/media\/7418"}],"wp:attachment":[{"href":"https:\/\/infomacrio.com.br\/index.php\/wp-json\/wp\/v2\/media?parent=7419"}],"wp:term":[{"taxonomy":"product_brand","embeddable":true,"href":"https:\/\/infomacrio.com.br\/index.php\/wp-json\/wp\/v2\/product_brand?post=7419"},{"taxonomy":"product_cat","embeddable":true,"href":"https:\/\/infomacrio.com.br\/index.php\/wp-json\/wp\/v2\/product_cat?post=7419"},{"taxonomy":"product_tag","embeddable":true,"href":"https:\/\/infomacrio.com.br\/index.php\/wp-json\/wp\/v2\/product_tag?post=7419"}],"curies":[{"name":"wp","href":"https:\/\/api.w.org\/{rel}","templated":true}]}}