{"id":7389,"date":"2022-11-18T17:43:47","date_gmt":"2022-11-18T20:43:47","guid":{"rendered":"https:\/\/infomacrio.com.br\/index.php\/produto\/conector-rj45-branco\/"},"modified":"2026-04-29T16:12:34","modified_gmt":"2026-04-29T19:12:34","slug":"conector-rj45-branco","status":"publish","type":"product","link":"https:\/\/infomacrio.com.br\/index.php\/produto\/conector-rj45-branco\/","title":{"rendered":"CONECTOR RJ45 BRANCO"},"content":{"rendered":"<p>O conector RJ 45 Cat.5e Macho simples, ultrapassa os requerimentos EIA\/TIA -568 de performance, garantindo o melhor desempenho em redes. Possui uma camada de 3 m\u00edcrons de ouro.<\/p>\n<p>Aplica\u00e7\u00e3o:<\/p>\n<p>Sistemas de Cabeamento Estruturado para tr\u00e1fego de voz, dados e imagens, segundo requisitos da norma ANSI\/TIA\/EIA-568B.2 (Balanced Twisted Pair Cabling Components), para cabeamento horizontal ou secund\u00e1rio. Uso interno, em ponto de acesso na \u00e1rea de trabalho para tomadas de servi\u00e7os em sistemas de cabeamento estruturado.<\/p>\n<p>Caracter\u00edsticas T\u00e9cnicas:<\/p>\n<p>Categoria: 5e, U\/UTP;<\/p>\n<p>Corpo em termopl\u00e1stico de alto impacto;<\/p>\n<p>Contatos adequados para condutores s\u00f3lidos ou flex\u00edveis;<\/p>\n<p>Cor: Transparente;<\/p>\n<p>Tipo de conector: RJ-45;<\/p>\n<p>Material Base de Contato: N\u00edquel e possui uma camada de 3 m\u00edcrons de ouro;<\/p>\n<p>N\u00famero de contatos: 8 vias.<\/p>\n","protected":false},"excerpt":{"rendered":"<p>CONECTOR RJ45 BRANCO<\/p>\n","protected":false},"featured_media":9461,"template":"","meta":{"om_disable_all_campaigns":false,"_monsterinsights_skip_tracking":false,"_monsterinsights_sitenote_active":false,"_monsterinsights_sitenote_note":"","_monsterinsights_sitenote_category":0},"product_brand":[],"product_cat":[352,298],"product_tag":[],"class_list":{"0":"post-7389","1":"product","2":"type-product","3":"status-publish","4":"has-post-thumbnail","6":"product_cat-conector-rj45","7":"product_cat-network","8":"thunk-woo-product-list","9":"big-store-woo-hover-zoom","10":"open-single-product-tab-horizontal","11":"open-shadow-","12":"open-shadow-hover-","14":"first","15":"instock","16":"sale","17":"shipping-taxable","18":"purchasable","19":"product-type-simple"},"aioseo_notices":[],"_links":{"self":[{"href":"https:\/\/infomacrio.com.br\/index.php\/wp-json\/wp\/v2\/product\/7389","targetHints":{"allow":["GET"]}}],"collection":[{"href":"https:\/\/infomacrio.com.br\/index.php\/wp-json\/wp\/v2\/product"}],"about":[{"href":"https:\/\/infomacrio.com.br\/index.php\/wp-json\/wp\/v2\/types\/product"}],"wp:featuredmedia":[{"embeddable":true,"href":"https:\/\/infomacrio.com.br\/index.php\/wp-json\/wp\/v2\/media\/9461"}],"wp:attachment":[{"href":"https:\/\/infomacrio.com.br\/index.php\/wp-json\/wp\/v2\/media?parent=7389"}],"wp:term":[{"taxonomy":"product_brand","embeddable":true,"href":"https:\/\/infomacrio.com.br\/index.php\/wp-json\/wp\/v2\/product_brand?post=7389"},{"taxonomy":"product_cat","embeddable":true,"href":"https:\/\/infomacrio.com.br\/index.php\/wp-json\/wp\/v2\/product_cat?post=7389"},{"taxonomy":"product_tag","embeddable":true,"href":"https:\/\/infomacrio.com.br\/index.php\/wp-json\/wp\/v2\/product_tag?post=7389"}],"curies":[{"name":"wp","href":"https:\/\/api.w.org\/{rel}","templated":true}]}}