{"id":7385,"date":"2022-11-18T17:43:44","date_gmt":"2022-11-18T20:43:44","guid":{"rendered":"https:\/\/infomacrio.com.br\/index.php\/produto\/conector-rj45-gts-network-azul-pct-20un\/"},"modified":"2026-04-15T12:08:44","modified_gmt":"2026-04-15T15:08:44","slug":"conector-rj45-gts-network-azul-pct-20un","status":"publish","type":"product","link":"https:\/\/infomacrio.com.br\/index.php\/produto\/conector-rj45-gts-network-azul-pct-20un\/","title":{"rendered":"CONECTOR RJ45 GTS (AZUL) &#8211; *PCT 20UN"},"content":{"rendered":"<p>Conector RJ45 Macho CAT5E 41.045 GTS<br \/>\nOs conectores RJ-45 macho Fast Track Plug GTS ultrapassam os requerimentos EIA\/TIA-568 de performance, garantindo o melhor desempenho em redes Fast Ethernet (100Mbps) e Gigabit (1000Mbps), atendendo \u00e0s exigentes aplica\u00e7\u00f5es de multim\u00eddias para voz, dados e v\u00eddeo<\/p>\n<p>Especifica\u00e7\u00e3o T\u00e9cnica:<\/p>\n<p>Conector macho 8 vias Cat.5e<br \/>\nExcede os requerimentos EIA\/TIA 568<br \/>\nTrava com grande resist\u00eancia<br \/>\nCorpo em termopl\u00e1stico de alto impacto<br \/>\nDimens\u00f5es precisas para encaixe nos keystones,<br \/>\nPatch Panels e Switches sem folgas.<\/p>\n","protected":false},"excerpt":{"rendered":"<p>CONECTOR RJ45 GTS (AZUL) &#8211; *PCT 20UN<\/p>\n","protected":false},"featured_media":9460,"template":"","meta":{"om_disable_all_campaigns":false,"_monsterinsights_skip_tracking":false,"_monsterinsights_sitenote_active":false,"_monsterinsights_sitenote_note":"","_monsterinsights_sitenote_category":0},"product_brand":[],"product_cat":[352,298],"product_tag":[],"class_list":{"0":"post-7385","1":"product","2":"type-product","3":"status-publish","4":"has-post-thumbnail","6":"product_cat-conector-rj45","7":"product_cat-network","8":"thunk-woo-product-list","9":"big-store-woo-hover-zoom","10":"open-single-product-tab-horizontal","11":"open-shadow-","12":"open-shadow-hover-","14":"first","15":"instock","16":"sale","17":"shipping-taxable","18":"purchasable","19":"product-type-simple"},"aioseo_notices":[],"_links":{"self":[{"href":"https:\/\/infomacrio.com.br\/index.php\/wp-json\/wp\/v2\/product\/7385","targetHints":{"allow":["GET"]}}],"collection":[{"href":"https:\/\/infomacrio.com.br\/index.php\/wp-json\/wp\/v2\/product"}],"about":[{"href":"https:\/\/infomacrio.com.br\/index.php\/wp-json\/wp\/v2\/types\/product"}],"wp:featuredmedia":[{"embeddable":true,"href":"https:\/\/infomacrio.com.br\/index.php\/wp-json\/wp\/v2\/media\/9460"}],"wp:attachment":[{"href":"https:\/\/infomacrio.com.br\/index.php\/wp-json\/wp\/v2\/media?parent=7385"}],"wp:term":[{"taxonomy":"product_brand","embeddable":true,"href":"https:\/\/infomacrio.com.br\/index.php\/wp-json\/wp\/v2\/product_brand?post=7385"},{"taxonomy":"product_cat","embeddable":true,"href":"https:\/\/infomacrio.com.br\/index.php\/wp-json\/wp\/v2\/product_cat?post=7385"},{"taxonomy":"product_tag","embeddable":true,"href":"https:\/\/infomacrio.com.br\/index.php\/wp-json\/wp\/v2\/product_tag?post=7385"}],"curies":[{"name":"wp","href":"https:\/\/api.w.org\/{rel}","templated":true}]}}