{"id":7306,"date":"2022-11-18T17:43:00","date_gmt":"2022-11-18T20:43:00","guid":{"rendered":"https:\/\/infomacrio.com.br\/index.php\/produto\/esticador-de-drop-c-gancho-tipo-cunha\/"},"modified":"2026-04-15T12:08:45","modified_gmt":"2026-04-15T15:08:45","slug":"esticador-de-drop-c-gancho-tipo-cunha","status":"publish","type":"product","link":"https:\/\/infomacrio.com.br\/index.php\/produto\/esticador-de-drop-c-gancho-tipo-cunha\/","title":{"rendered":"ESTICADOR DE DROP C\/ GANCHO TIPO CUNHA"},"content":{"rendered":"<p>Sistema de travamento do Cabo Drop. N\u00e3o decapa, sem atenua\u00e7\u00e3o e n\u00e3o escorrega a fibra.<\/p>\n<p>Utilizado para instala\u00e7\u00e3o de rede mini drop Flat, podendo ser fixado em suporte DMP e isoladores.<br \/>\nEsticador de uso externo urbano ou rural;<br \/>\nAlta qualidade e excelente acabamento;<br \/>\nUtilizado por operadoras de telefonia e ideal para provedores de internet.<\/p>\n<p>Corpo Pl\u00e1stico feito em Polipropileno<br \/>\nGancho Feito em Arame Galvanizado 4,19 mm<br \/>\nPeso: 42 gramas<br \/>\nDimens\u00f5es: 5 x 8 x 17 cm (AxLxC)<\/p>\n","protected":false},"excerpt":{"rendered":"<p>ESTICADOR DE DROP C\/ GANCHO TIPO CUNHA<\/p>\n","protected":false},"featured_media":8681,"template":"","meta":{"om_disable_all_campaigns":false,"_monsterinsights_skip_tracking":false,"_monsterinsights_sitenote_active":false,"_monsterinsights_sitenote_note":"","_monsterinsights_sitenote_category":0},"product_brand":[],"product_cat":[311,383],"product_tag":[],"class_list":{"0":"post-7306","1":"product","2":"type-product","3":"status-publish","4":"has-post-thumbnail","6":"product_cat-ancoragem","7":"product_cat-injetados","8":"thunk-woo-product-list","9":"big-store-woo-hover-zoom","10":"open-single-product-tab-horizontal","11":"open-shadow-","12":"open-shadow-hover-","14":"first","15":"instock","16":"sale","17":"shipping-taxable","18":"purchasable","19":"product-type-simple"},"aioseo_notices":[],"_links":{"self":[{"href":"https:\/\/infomacrio.com.br\/index.php\/wp-json\/wp\/v2\/product\/7306","targetHints":{"allow":["GET"]}}],"collection":[{"href":"https:\/\/infomacrio.com.br\/index.php\/wp-json\/wp\/v2\/product"}],"about":[{"href":"https:\/\/infomacrio.com.br\/index.php\/wp-json\/wp\/v2\/types\/product"}],"wp:featuredmedia":[{"embeddable":true,"href":"https:\/\/infomacrio.com.br\/index.php\/wp-json\/wp\/v2\/media\/8681"}],"wp:attachment":[{"href":"https:\/\/infomacrio.com.br\/index.php\/wp-json\/wp\/v2\/media?parent=7306"}],"wp:term":[{"taxonomy":"product_brand","embeddable":true,"href":"https:\/\/infomacrio.com.br\/index.php\/wp-json\/wp\/v2\/product_brand?post=7306"},{"taxonomy":"product_cat","embeddable":true,"href":"https:\/\/infomacrio.com.br\/index.php\/wp-json\/wp\/v2\/product_cat?post=7306"},{"taxonomy":"product_tag","embeddable":true,"href":"https:\/\/infomacrio.com.br\/index.php\/wp-json\/wp\/v2\/product_tag?post=7306"}],"curies":[{"name":"wp","href":"https:\/\/api.w.org\/{rel}","templated":true}]}}