{"id":7243,"date":"2022-11-18T17:42:27","date_gmt":"2022-11-18T20:42:27","guid":{"rendered":"https:\/\/infomacrio.com.br\/index.php\/produto\/placa-de-rede-10-100-1000-vinik-prv1000e-pci-e\/"},"modified":"2026-01-14T10:55:45","modified_gmt":"2026-01-14T13:55:45","slug":"placa-de-rede-10-100-1000-vinik-prv1000e-pci-e","status":"publish","type":"product","link":"https:\/\/infomacrio.com.br\/index.php\/produto\/placa-de-rede-10-100-1000-vinik-prv1000e-pci-e\/","title":{"rendered":"PLACA DE REDE 10\/100\/1000 VINIK PRV1000E PCI-E"},"content":{"rendered":"<p>Chipset: Realtek 8111E-S<br \/>\nPadr\u00f5es: Compat\u00edvel com IEEE 802.3, IEEE 802.3x (Full duplex), IEEE 802.3u, IEEE 802.3ab. Suporte para IEEE 802.1P, IEEE 802.1Q VLAN<br \/>\nPossui WOL &#8211; Wake on Lan &#8211; que permite que um computador seja ligado ou acordado por uma mensagem de rede. A mensagem pode ser enviada por um simples programa, executado por outro na rede local ou remotamente, baixando o link abaixo:<br \/>\nhttp:\/\/www.realtek.com.tw\/downloads\/downloadsView.aspx?Langid=1&#038;PNid=13&#038;PFid=5&#038;Level=5&#038;Conn=4&#038;DownTypeID=3&#038;GetDown=false<br \/>\nConectividade: Cabo<br \/>\nConector Padr\u00e3o: RJ45<br \/>\nInterface: 32 bits PCI-e<br \/>\nTaxa de transmiss\u00e3o: 10\/100\/1000 Mbps &#8211; Half Duplex<br \/>\n20\/200\/2000 Mbps &#8211; Full Duplex<br \/>\nM\u00e9todo de acesso: CSMA\/CD; TCP\/IP; PCI Revision 2.1\/2.2<br \/>\nCaracter\u00edsticas: Auto negotiation; Detec\u00e7\u00e3o e corre\u00e7\u00e3o de Cross-over; Suporte SWAP pair, polaridade e corre\u00e7\u00e3o de desvio; Suporte PCI MSI (Message Signaled Interrupt) and MSI-X; Suporta Receive-side Scaling (RSS);<br \/>\nVelocidade de BUS: 32 bits &#8211; 33\/66 MHz<br \/>\nSistemas compat\u00edveis: DOS &#8211; WinNT 3.51 &#8211; Win95 &#8211; Win98 &#8211; WinXP &#8211; Win2000 &#8211; WinVista &#8211; Win7 &#8211; Win8 &#8211; Win10 &#8211; Novell.311\/1.x5.x &#8211; Linux<br \/>\nCont\u00e9m: Low Profile<\/p>\n","protected":false},"excerpt":{"rendered":"<p>PLACA DE REDE 10\/100\/1000 VINIK PRV1000E PCI-E<\/p>\n","protected":false},"featured_media":7242,"template":"","meta":{"om_disable_all_campaigns":false,"_monsterinsights_skip_tracking":false,"_monsterinsights_sitenote_active":false,"_monsterinsights_sitenote_note":"","_monsterinsights_sitenote_category":0},"product_brand":[],"product_cat":[298,413],"product_tag":[],"class_list":{"0":"post-7243","1":"product","2":"type-product","3":"status-publish","4":"has-post-thumbnail","6":"product_cat-network","7":"product_cat-placa-de-rede","8":"thunk-woo-product-list","9":"big-store-woo-hover-zoom","10":"open-single-product-tab-horizontal","11":"open-shadow-","12":"open-shadow-hover-","14":"first","15":"instock","16":"sale","17":"shipping-taxable","18":"purchasable","19":"product-type-simple"},"aioseo_notices":[],"_links":{"self":[{"href":"https:\/\/infomacrio.com.br\/index.php\/wp-json\/wp\/v2\/product\/7243","targetHints":{"allow":["GET"]}}],"collection":[{"href":"https:\/\/infomacrio.com.br\/index.php\/wp-json\/wp\/v2\/product"}],"about":[{"href":"https:\/\/infomacrio.com.br\/index.php\/wp-json\/wp\/v2\/types\/product"}],"wp:featuredmedia":[{"embeddable":true,"href":"https:\/\/infomacrio.com.br\/index.php\/wp-json\/wp\/v2\/media\/7242"}],"wp:attachment":[{"href":"https:\/\/infomacrio.com.br\/index.php\/wp-json\/wp\/v2\/media?parent=7243"}],"wp:term":[{"taxonomy":"product_brand","embeddable":true,"href":"https:\/\/infomacrio.com.br\/index.php\/wp-json\/wp\/v2\/product_brand?post=7243"},{"taxonomy":"product_cat","embeddable":true,"href":"https:\/\/infomacrio.com.br\/index.php\/wp-json\/wp\/v2\/product_cat?post=7243"},{"taxonomy":"product_tag","embeddable":true,"href":"https:\/\/infomacrio.com.br\/index.php\/wp-json\/wp\/v2\/product_tag?post=7243"}],"curies":[{"name":"wp","href":"https:\/\/api.w.org\/{rel}","templated":true}]}}