{"id":7169,"date":"2022-11-18T17:41:44","date_gmt":"2022-11-18T20:41:44","guid":{"rendered":"https:\/\/infomacrio.com.br\/index.php\/produto\/mouse-c3tech-wireless-m-w17-w21-w20-w50\/"},"modified":"2026-04-06T15:00:54","modified_gmt":"2026-04-06T18:00:54","slug":"mouse-c3tech-wireless-m-w17-w21-w20-w50","status":"publish","type":"product","link":"https:\/\/infomacrio.com.br\/index.php\/produto\/mouse-c3tech-wireless-m-w17-w21-w20-w50\/","title":{"rendered":"MOUSE C3TECH SEM FIO M-W15BK"},"content":{"rendered":"<p>O mouse sem fio M-W15 da C3Tech \u00e9 a escolha ideal para quem busca um mouse confort\u00e1vel e eficiente. Com design minimalista ele \u00e9 leve e compacto, f\u00e1cil de transportar e se adapta a qualquer espa\u00e7o. A conex\u00e3o sem fio oferece liberdade de movimento, enquanto o sensor \u00f3ptico garante precis\u00e3o nas tarefas do dia a dia.<\/p>\n<p>CARACTER\u00cdSTICAS<\/p>\n<p>Conex\u00e3o sem fio por receptor USB nano<br \/>\nAmbidestro<br \/>\nSistema inteligente de economia de bateria<br \/>\nSwitch ON\/OFF<br \/>\nPlug and Play<br \/>\nCompat\u00edvel com Windows, MacOS, Linux, Chrome<\/p>\n<p>36mm<br \/>\n109mm<br \/>\n60mm<br \/>\n49,35g<\/p>\n<p>ESPECIFICA\u00c7\u00d5ES T\u00c9CNICAS<\/p>\n<p>Conex\u00e3o: Wireless 2.4GHz GFSK<br \/>\nRaio de Comunica\u00e7\u00e3o Sem Fio: at\u00e9 10 m<br \/>\nTipo de Receptor Sem Fio: Nano USB &#8211; alocado abaixo do mouse<br \/>\nDPI: 1200<br \/>\nTipo de Sensor: \u00d3ptico<br \/>\nQtde Bot\u00f5es: 3<br \/>\nPossui Scroll<br \/>\nPossui Bot\u00e3o em Scroll<\/p>\n<p>CARACTER\u00cdSTICAS EL\u00c9TRICAS, MEC\u00c2NICAS E DE AMBIENTE<\/p>\n<p>Tens\u00e3o de Opera\u00e7\u00e3o: mouse 3V receptor 5V<br \/>\nCorrente de Opera\u00e7\u00e3o: mouse &lt;20mA receptor &lt;50mA<\/p>\n<p>For\u00e7a de acionamento do bot\u00e3o: 65gf \u00b1 10 gfk<br \/>\nFor\u00e7a de acionamento de rolagem: 150gf \u00b1 30 gfk<br \/>\nVelocidade de rastreamento: m\u00e1x. 15ips<br \/>\nAcelera\u00e7\u00e3o: 8G<br \/>\nResist\u00eancia dos bot\u00f5es: 1 milh\u00e3o de cliques<br \/>\nResist\u00eancia do scroll: 200 mil<\/p>\n<p>Temperatura de opera\u00e7\u00e3o: -10 a 40\u00b0C<br \/>\nUmidade de opera\u00e7\u00e3o: 5% a 90%<br \/>\nTemperatura de armazenamento: -15 a 60\u00b0C<br \/>\nUmidade de armazenamento: 5% a 90%<\/p>\n","protected":false},"excerpt":{"rendered":"<p>MOUSE C3TECH SEM FIO M-W15BK<\/p>\n","protected":false},"featured_media":7168,"template":"","meta":{"om_disable_all_campaigns":false,"_monsterinsights_skip_tracking":false,"_monsterinsights_sitenote_active":false,"_monsterinsights_sitenote_note":"","_monsterinsights_sitenote_category":0},"product_brand":[],"product_cat":[296,393,384],"product_tag":[],"class_list":{"0":"post-7169","1":"product","2":"type-product","3":"status-publish","4":"has-post-thumbnail","6":"product_cat-informatica","7":"product_cat-mouse","8":"product_cat-perifericos","9":"thunk-woo-product-list","10":"big-store-woo-hover-zoom","11":"open-single-product-tab-horizontal","12":"open-shadow-","13":"open-shadow-hover-","15":"first","16":"instock","17":"sale","18":"shipping-taxable","19":"purchasable","20":"product-type-simple"},"aioseo_notices":[],"_links":{"self":[{"href":"https:\/\/infomacrio.com.br\/index.php\/wp-json\/wp\/v2\/product\/7169","targetHints":{"allow":["GET"]}}],"collection":[{"href":"https:\/\/infomacrio.com.br\/index.php\/wp-json\/wp\/v2\/product"}],"about":[{"href":"https:\/\/infomacrio.com.br\/index.php\/wp-json\/wp\/v2\/types\/product"}],"wp:featuredmedia":[{"embeddable":true,"href":"https:\/\/infomacrio.com.br\/index.php\/wp-json\/wp\/v2\/media\/7168"}],"wp:attachment":[{"href":"https:\/\/infomacrio.com.br\/index.php\/wp-json\/wp\/v2\/media?parent=7169"}],"wp:term":[{"taxonomy":"product_brand","embeddable":true,"href":"https:\/\/infomacrio.com.br\/index.php\/wp-json\/wp\/v2\/product_brand?post=7169"},{"taxonomy":"product_cat","embeddable":true,"href":"https:\/\/infomacrio.com.br\/index.php\/wp-json\/wp\/v2\/product_cat?post=7169"},{"taxonomy":"product_tag","embeddable":true,"href":"https:\/\/infomacrio.com.br\/index.php\/wp-json\/wp\/v2\/product_tag?post=7169"}],"curies":[{"name":"wp","href":"https:\/\/api.w.org\/{rel}","templated":true}]}}