{"id":7068,"date":"2022-11-18T17:40:51","date_gmt":"2022-11-18T20:40:51","guid":{"rendered":"https:\/\/infomacrio.com.br\/index.php\/produto\/impressora-epson-ecotank-l3250-wi-fi\/"},"modified":"2026-02-06T18:41:56","modified_gmt":"2026-02-06T21:41:56","slug":"impressora-epson-ecotank-l3250-wi-fi","status":"publish","type":"product","link":"https:\/\/infomacrio.com.br\/index.php\/produto\/impressora-epson-ecotank-l3250-wi-fi\/","title":{"rendered":"IMPRESSORA EPSON ECOTANK L3250 WI-FI"},"content":{"rendered":"<p>. Destaques do Produto:<\/p>\n<p>Baixo custo de impress\u00e3o: imprime at\u00e9 4.500 p\u00e1ginas em preto ou 7.500 p\u00e1ginas coloridas1\u00a0com um kit de garrafas de tinta de reposi\u00e7\u00e3o originais Epson.<\/p>\n<p>Mais praticidade: com tanques de abastecimento frontais que permitem o f\u00e1cil acesso e visualiza\u00e7\u00e3o dos n\u00edveis de tinta.<\/p>\n<p>Maior mobilidade: configure, opere e resolva problemas remotamente atrav\u00e9s do novo aplicativo intuitivo Epson Smart Panel4.<\/p>\n<p>Conectividade avan\u00e7ada: com cabo USB, Wi-Fi e Wi-Fi Direct3<\/p>\n","protected":false},"excerpt":{"rendered":"<p>IMPRESSORA EPSON ECOTANK L3250 WI-FI<\/p>\n","protected":false},"featured_media":7067,"template":"","meta":{"om_disable_all_campaigns":false,"_monsterinsights_skip_tracking":false,"_monsterinsights_sitenote_active":false,"_monsterinsights_sitenote_note":"","_monsterinsights_sitenote_category":0},"product_brand":[],"product_cat":[345,382,296],"product_tag":[],"class_list":{"0":"post-7068","1":"product","2":"type-product","3":"status-publish","4":"has-post-thumbnail","6":"product_cat-impressora","7":"product_cat-impressoras","8":"product_cat-informatica","9":"thunk-woo-product-list","10":"big-store-woo-hover-zoom","11":"open-single-product-tab-horizontal","12":"open-shadow-","13":"open-shadow-hover-","15":"first","16":"outofstock","17":"sale","18":"shipping-taxable","19":"purchasable","20":"product-type-simple"},"aioseo_notices":[],"_links":{"self":[{"href":"https:\/\/infomacrio.com.br\/index.php\/wp-json\/wp\/v2\/product\/7068","targetHints":{"allow":["GET"]}}],"collection":[{"href":"https:\/\/infomacrio.com.br\/index.php\/wp-json\/wp\/v2\/product"}],"about":[{"href":"https:\/\/infomacrio.com.br\/index.php\/wp-json\/wp\/v2\/types\/product"}],"wp:featuredmedia":[{"embeddable":true,"href":"https:\/\/infomacrio.com.br\/index.php\/wp-json\/wp\/v2\/media\/7067"}],"wp:attachment":[{"href":"https:\/\/infomacrio.com.br\/index.php\/wp-json\/wp\/v2\/media?parent=7068"}],"wp:term":[{"taxonomy":"product_brand","embeddable":true,"href":"https:\/\/infomacrio.com.br\/index.php\/wp-json\/wp\/v2\/product_brand?post=7068"},{"taxonomy":"product_cat","embeddable":true,"href":"https:\/\/infomacrio.com.br\/index.php\/wp-json\/wp\/v2\/product_cat?post=7068"},{"taxonomy":"product_tag","embeddable":true,"href":"https:\/\/infomacrio.com.br\/index.php\/wp-json\/wp\/v2\/product_tag?post=7068"}],"curies":[{"name":"wp","href":"https:\/\/api.w.org\/{rel}","templated":true}]}}