{"id":7056,"date":"2022-11-18T17:40:45","date_gmt":"2022-11-18T20:40:45","guid":{"rendered":"https:\/\/infomacrio.com.br\/index.php\/produto\/kit-teclado-e-mouse-com-fio-hp-usb-160\/"},"modified":"2026-04-10T18:11:03","modified_gmt":"2026-04-10T21:11:03","slug":"kit-teclado-e-mouse-com-fio-hp-usb-160","status":"publish","type":"product","link":"https:\/\/infomacrio.com.br\/index.php\/produto\/kit-teclado-e-mouse-com-fio-hp-usb-160\/","title":{"rendered":"KIT TECLADO E MOUSE COM FIO HP 150"},"content":{"rendered":"<p>O Kit Teclado e Mouse HP 150 traz qualidade e funcionalidade em um \u00fanico conjunto. Com layout ABNT2 e teclas de atalho, o teclado permite um acesso r\u00e1pido a fun\u00e7\u00f5es como controle de volume e reprodu\u00e7\u00e3o de m\u00eddia, tornando suas tarefas di\u00e1rias mais \u00e1geis e pr\u00e1ticas. Seu design de baixo perfil oferece o conforto necess\u00e1rio para longas sess\u00f5es de uso, sem abrir m\u00e3o da ergonomia. O mouse \u00f3ptico, com sensor de 1600 DPI, garante precis\u00e3o e controle em todas as suas atividades. Com tr\u00eas bot\u00f5es (esquerdo, direito e roda de rolagem), ele \u00e9 perfeito para navega\u00e7\u00e3o na internet e edi\u00e7\u00e3o de documentos, proporcionando uma experi\u00eancia de uso mais eficiente. Sua instala\u00e7\u00e3o \u00e9 f\u00e1cil e r\u00e1pida, com compatibilidade total com Windows 10 e Windows 11 e um sistema plug-and-play, que elimina a necessidade de drivers extras.<\/p>\n<table cellspacing=\"0\" cellpadding=\"1\">\n<tbody>\n<tr>\n<td><strong>Tipo do teclado:<\/strong><\/td>\n<td>Tamanho completo com layout de 2,5 zonas<\/td>\n<\/tr>\n<tr>\n<td><strong>Estrutura das teclas:<\/strong><\/td>\n<td>\u00cambolo com deslocamento de tecla de baixo perfil de 2,5 mm<\/td>\n<\/tr>\n<tr>\n<td><strong>Indicadores led:<\/strong><\/td>\n<td>Caps Lock, Num Lock e Scroll Lock<\/td>\n<\/tr>\n<tr>\n<td><strong>Dimens\u00f5es do teclado:<\/strong><\/td>\n<td>42,59 cm x 14,61 cm\u00a0 x 2,68 cm<\/td>\n<\/tr>\n<tr>\n<td><strong>Peso do teclado:<\/strong><\/td>\n<td>0,44 kg<\/td>\n<\/tr>\n<tr>\n<td><strong>Sensor do mouse:<\/strong><\/td>\n<td>\u00d3ptico vermelho com resolu\u00e7\u00e3o de 1600 DPI<\/td>\n<\/tr>\n<tr>\n<td><strong>Bot\u00f5es do mouse:<\/strong><\/td>\n<td>3 (esquerdo, direito e roda de rolagem)<\/td>\n<\/tr>\n<tr>\n<td><strong>Dimens\u00f5es do mouse:<\/strong><\/td>\n<td>10,34 cm x 6,11 cm\u00a0 x 3,42 cm<\/td>\n<\/tr>\n<tr>\n<td><strong>Peso do mouse:<\/strong><\/td>\n<td>0,06 kg<\/td>\n<\/tr>\n<tr>\n<td><strong>Tipo do conector:<\/strong><\/td>\n<td>USB Tipo-A<\/td>\n<\/tr>\n<tr>\n<td><strong>Compatibilidade:<\/strong><\/td>\n<td>Sistemas operacionais Windows 10 e Windows 11<\/td>\n<\/tr>\n<\/tbody>\n<\/table>\n","protected":false},"excerpt":{"rendered":"<p>KIT TECLADO E MOUSE COM FIO HP 150<\/p>\n","protected":false},"featured_media":11010,"template":"","meta":{"om_disable_all_campaigns":false,"_monsterinsights_skip_tracking":false,"_monsterinsights_sitenote_active":false,"_monsterinsights_sitenote_note":"","_monsterinsights_sitenote_category":0},"product_brand":[],"product_cat":[296,387,384],"product_tag":[],"class_list":{"0":"post-7056","1":"product","2":"type-product","3":"status-publish","4":"has-post-thumbnail","6":"product_cat-informatica","7":"product_cat-kit-teclado-e-mouse","8":"product_cat-perifericos","9":"thunk-woo-product-list","10":"big-store-woo-hover-zoom","11":"open-single-product-tab-horizontal","12":"open-shadow-","13":"open-shadow-hover-","15":"first","16":"instock","17":"sale","18":"shipping-taxable","19":"purchasable","20":"product-type-simple"},"aioseo_notices":[],"_links":{"self":[{"href":"https:\/\/infomacrio.com.br\/index.php\/wp-json\/wp\/v2\/product\/7056","targetHints":{"allow":["GET"]}}],"collection":[{"href":"https:\/\/infomacrio.com.br\/index.php\/wp-json\/wp\/v2\/product"}],"about":[{"href":"https:\/\/infomacrio.com.br\/index.php\/wp-json\/wp\/v2\/types\/product"}],"wp:featuredmedia":[{"embeddable":true,"href":"https:\/\/infomacrio.com.br\/index.php\/wp-json\/wp\/v2\/media\/11010"}],"wp:attachment":[{"href":"https:\/\/infomacrio.com.br\/index.php\/wp-json\/wp\/v2\/media?parent=7056"}],"wp:term":[{"taxonomy":"product_brand","embeddable":true,"href":"https:\/\/infomacrio.com.br\/index.php\/wp-json\/wp\/v2\/product_brand?post=7056"},{"taxonomy":"product_cat","embeddable":true,"href":"https:\/\/infomacrio.com.br\/index.php\/wp-json\/wp\/v2\/product_cat?post=7056"},{"taxonomy":"product_tag","embeddable":true,"href":"https:\/\/infomacrio.com.br\/index.php\/wp-json\/wp\/v2\/product_tag?post=7056"}],"curies":[{"name":"wp","href":"https:\/\/api.w.org\/{rel}","templated":true}]}}