{"id":6962,"date":"2022-11-18T17:39:49","date_gmt":"2022-11-18T20:39:49","guid":{"rendered":"https:\/\/infomacrio.com.br\/index.php\/produto\/testador-de-cabos-rj45-11-hayom-ai1014\/"},"modified":"2025-08-08T08:00:10","modified_gmt":"2025-08-08T11:00:10","slug":"testador-de-cabos-rj45-11-hayom-ai1014","status":"publish","type":"product","link":"https:\/\/infomacrio.com.br\/index.php\/produto\/testador-de-cabos-rj45-11-hayom-ai1014\/","title":{"rendered":"TESTADOR DE CABOS RJ45\/11 HAYOM AI1014"},"content":{"rendered":"<p>&#8211; Marca: Hayom<br \/>\n&#8211; Modelo: AI1014<\/p>\n<p>ESPECIFICA\u00c7\u00d5ES:<\/p>\n<p>&#8211; Design Compacto e pr\u00e1tico a base de bateria 9V para manter a praticidade na locomo\u00e7\u00e3o<br \/>\n&#8211; LED de indica\u00e7\u00e3o para conex\u00e3o direta<br \/>\n&#8211; Estrutura leve e compactada que cabe na palma da m\u00e3o<br \/>\n&#8211; Funciona com cabos RJ11 E RJ45<\/p>\n<p>DADOS T\u00c9CNICOS:<\/p>\n<p>&#8211; Cabos CAT-5 e CAT-6<br \/>\n&#8211; Requer 1 bateria 9V (n\u00e3o inclusa)<br \/>\n&#8211; RJ11 para 6 Pinos<br \/>\n&#8211; RJ45 para 8 Pinos<br \/>\n&#8211; Material: Pl\u00e1stico<br \/>\n&#8211; Material do estojo: Couro Simples<br \/>\n&#8211; LED indicadores de conex\u00e3o<br \/>\n&#8211; 10 x 3 x 11 cm 230 g<\/p>\n<p>&#8211; Peso: 300 gramas (bruto com embalagem)<\/p>\n","protected":false},"excerpt":{"rendered":"<p>TESTADOR DE CABOS RJ45\/11 HAYOM AI1014<\/p>\n","protected":false},"featured_media":6961,"template":"","meta":{"om_disable_all_campaigns":false,"_monsterinsights_skip_tracking":false,"_monsterinsights_sitenote_active":false,"_monsterinsights_sitenote_note":"","_monsterinsights_sitenote_category":0},"product_brand":[],"product_cat":[313,314,429],"product_tag":[],"class_list":{"0":"post-6962","1":"product","2":"type-product","3":"status-publish","4":"has-post-thumbnail","6":"product_cat-ferramentas","7":"product_cat-para-network","8":"product_cat-testador-de-cabo","9":"thunk-woo-product-list","10":"big-store-woo-hover-zoom","11":"open-single-product-tab-horizontal","12":"open-shadow-","13":"open-shadow-hover-","15":"first","16":"outofstock","17":"sale","18":"shipping-taxable","19":"purchasable","20":"product-type-simple"},"aioseo_notices":[],"_links":{"self":[{"href":"https:\/\/infomacrio.com.br\/index.php\/wp-json\/wp\/v2\/product\/6962","targetHints":{"allow":["GET"]}}],"collection":[{"href":"https:\/\/infomacrio.com.br\/index.php\/wp-json\/wp\/v2\/product"}],"about":[{"href":"https:\/\/infomacrio.com.br\/index.php\/wp-json\/wp\/v2\/types\/product"}],"wp:featuredmedia":[{"embeddable":true,"href":"https:\/\/infomacrio.com.br\/index.php\/wp-json\/wp\/v2\/media\/6961"}],"wp:attachment":[{"href":"https:\/\/infomacrio.com.br\/index.php\/wp-json\/wp\/v2\/media?parent=6962"}],"wp:term":[{"taxonomy":"product_brand","embeddable":true,"href":"https:\/\/infomacrio.com.br\/index.php\/wp-json\/wp\/v2\/product_brand?post=6962"},{"taxonomy":"product_cat","embeddable":true,"href":"https:\/\/infomacrio.com.br\/index.php\/wp-json\/wp\/v2\/product_cat?post=6962"},{"taxonomy":"product_tag","embeddable":true,"href":"https:\/\/infomacrio.com.br\/index.php\/wp-json\/wp\/v2\/product_tag?post=6962"}],"curies":[{"name":"wp","href":"https:\/\/api.w.org\/{rel}","templated":true}]}}