{"id":6864,"date":"2022-11-18T17:38:56","date_gmt":"2022-11-18T20:38:56","guid":{"rendered":"https:\/\/infomacrio.com.br\/index.php\/produto\/fita-de-aco-inox-430-3-4-25mt-padrao-fusimec\/"},"modified":"2025-08-08T08:03:41","modified_gmt":"2025-08-08T11:03:41","slug":"fita-de-aco-inox-430-3-4-25mt-padrao-fusimec","status":"publish","type":"product","link":"https:\/\/infomacrio.com.br\/index.php\/produto\/fita-de-aco-inox-430-3-4-25mt-padrao-fusimec\/","title":{"rendered":"FITA DE A\u00c7O INOX 430 3\/4 &#8211; 25 METROS"},"content":{"rendered":"<p>Destinado para fixa\u00e7\u00e3o de elementos de redes externas de telecomunica\u00e7\u00f5es, constru\u00e7\u00e3o civil, offshore e sinaliza\u00e7\u00e3o, sendo utilizado em hastes, mastros e postes, permitindo um perfeito posicionamento do equipamento a ser instalado.<br \/>\nAs Fitas passam pelo processo de rebarba\u00e7\u00e3o, que elimina as arestas cortantes, fabricada em A\u00e7o Inox.<br \/>\nN\u00e3o se afrouxam com vibra\u00e7\u00f5es, aplica\u00e7\u00e3o r\u00e1pida e f\u00e1cil.<\/p>\n<p>Dimens\u00f5es:<br \/>\nDescri\u00e7\u00e3o:\u00a0\u00be<br \/>\nLargura: 19,05\u00a0Mil\u00edmetros<br \/>\nComprimento: 25\u00a0Metros<br \/>\nEspessura: 0,5\u00a0Mil\u00edmetros<br \/>\nMaterial: A\u00e7o Inox<\/p>\n","protected":false},"excerpt":{"rendered":"<p>FITA DE A\u00c7O INOX 430 3\/4 &#8211; 25 METROS<\/p>\n","protected":false},"featured_media":6863,"template":"","meta":{"om_disable_all_campaigns":false,"_monsterinsights_skip_tracking":false,"_monsterinsights_sitenote_active":false,"_monsterinsights_sitenote_note":"","_monsterinsights_sitenote_category":0},"product_brand":[],"product_cat":[311,370],"product_tag":[],"class_list":{"0":"post-6864","1":"product","2":"type-product","3":"status-publish","4":"has-post-thumbnail","6":"product_cat-ancoragem","7":"product_cat-ferragens","8":"thunk-woo-product-list","9":"big-store-woo-hover-zoom","10":"open-single-product-tab-horizontal","11":"open-shadow-","12":"open-shadow-hover-","14":"first","15":"outofstock","16":"sale","17":"shipping-taxable","18":"purchasable","19":"product-type-simple"},"aioseo_notices":[],"_links":{"self":[{"href":"https:\/\/infomacrio.com.br\/index.php\/wp-json\/wp\/v2\/product\/6864","targetHints":{"allow":["GET"]}}],"collection":[{"href":"https:\/\/infomacrio.com.br\/index.php\/wp-json\/wp\/v2\/product"}],"about":[{"href":"https:\/\/infomacrio.com.br\/index.php\/wp-json\/wp\/v2\/types\/product"}],"wp:featuredmedia":[{"embeddable":true,"href":"https:\/\/infomacrio.com.br\/index.php\/wp-json\/wp\/v2\/media\/6863"}],"wp:attachment":[{"href":"https:\/\/infomacrio.com.br\/index.php\/wp-json\/wp\/v2\/media?parent=6864"}],"wp:term":[{"taxonomy":"product_brand","embeddable":true,"href":"https:\/\/infomacrio.com.br\/index.php\/wp-json\/wp\/v2\/product_brand?post=6864"},{"taxonomy":"product_cat","embeddable":true,"href":"https:\/\/infomacrio.com.br\/index.php\/wp-json\/wp\/v2\/product_cat?post=6864"},{"taxonomy":"product_tag","embeddable":true,"href":"https:\/\/infomacrio.com.br\/index.php\/wp-json\/wp\/v2\/product_tag?post=6864"}],"curies":[{"name":"wp","href":"https:\/\/api.w.org\/{rel}","templated":true}]}}