{"id":6789,"date":"2022-11-18T17:38:18","date_gmt":"2022-11-18T20:38:18","guid":{"rendered":"https:\/\/infomacrio.com.br\/index.php\/produto\/gabinete-c3tech-preto-mt-g80bk\/"},"modified":"2026-05-11T13:38:33","modified_gmt":"2026-05-11T16:38:33","slug":"gabinete-c3tech-preto-mt-g80bk","status":"publish","type":"product","link":"https:\/\/infomacrio.com.br\/index.php\/produto\/gabinete-c3tech-preto-mt-g80bk\/","title":{"rendered":"GABINETE C3TECH PRETO MT-200BK SEM FONTE"},"content":{"rendered":"<p>O Gabinete MT-200 da C3Tech e a escolha perfeita para se adequar a qualquer ambiente. Com sua pintura antiestatica e anticorrosiva, o gabinete se destaca pela sofisticacao. Equipado com duas entradas USB, um conector P2 com suporte a audio HD e uma fonte bivolt incluida, ele e a solucao ideal para quem busca estilo e funcionalidade em um gabinete compacto.<\/p>\n<p>Dimens\u00e3o de Chassis: 260*165*355mm<br \/>\nDimens\u00e3o de Gabinete: 260*165*355mm<br \/>\nPeso: 2.10kg<br \/>\nAcompanha Fonte de Alimenta\u00e7\u00e3o: Sim<br \/>\nPadr\u00e3o de Fonte de Alimenta\u00e7\u00e3o: ATX<br \/>\nPossui Organizador de Cabos: N\u00e3o<br \/>\nPossui Filtro Anti-Poeira: N\u00e3o<br \/>\nInstala\u00e7\u00e3o Toolless: Sim<br \/>\nCompatibilidade de Placa-M\u00e3e: Micro ATX, Mini ITX<br \/>\nCompatibilidade com Water Cooler: N\u00e3o<\/p>\n<p>ESPA\u00c7OS RESERVADOS PARA INSTALA\u00c7\u00c3O<br \/>\nEspa\u00e7os para Baia\/Drive 3,5&#8243; : 2<br \/>\nEspa\u00e7os para Baia\/Drive 2,5&#8243; : 2<br \/>\nEspa\u00e7os para Cooler &#8211; Traseiro: 1x 8cm<br \/>\nAcompanha Cooler Instalado: N\u00e3o<br \/>\nEspa\u00e7os para PCI: 4<br \/>\nTamanho M\u00e1ximo de Placa de V\u00eddeo: 25cm<br \/>\nTamanho M\u00e1ximo de CPU Cooler:14cm<\/p>\n<p>CARACTER\u00cdSTICAS DO PAINEL FRONTAL<br \/>\nPossui Porta USB: Sim<br \/>\nQuantidade de Portas USB 2.0: 2<br \/>\nPossui Conector P2 para \u00c1udio e Microfone: Sim<br \/>\nTipo de Codec de \u00c1udio: HD \u00c1udio<\/p>\n<p>CARACTER\u00cdSTICAS DE MATERIAL<br \/>\nMaterial de Chassis: A\u00e7o Laminado a Frio SPCC<br \/>\nEspessura de Chassis: 0,60mm<br \/>\nPintura preta antiest\u00e1tica e anticorrosiva externa e interna<\/p>\n","protected":false},"excerpt":{"rendered":"<p>GABINETE C3TECH PRETO MT-200BK SEM FONTE<\/p>\n","protected":false},"featured_media":11120,"template":"","meta":{"om_disable_all_campaigns":false,"_monsterinsights_skip_tracking":false,"_monsterinsights_sitenote_active":false,"_monsterinsights_sitenote_note":"","_monsterinsights_sitenote_category":0},"product_brand":[],"product_cat":[376,354,296],"product_tag":[],"class_list":{"0":"post-6789","1":"product","2":"type-product","3":"status-publish","4":"has-post-thumbnail","6":"product_cat-gabinete","7":"product_cat-hardware","8":"product_cat-informatica","9":"thunk-woo-product-list","10":"big-store-woo-hover-zoom","11":"open-single-product-tab-horizontal","12":"open-shadow-","13":"open-shadow-hover-","15":"first","16":"instock","17":"sale","18":"shipping-taxable","19":"purchasable","20":"product-type-simple"},"aioseo_notices":[],"_links":{"self":[{"href":"https:\/\/infomacrio.com.br\/index.php\/wp-json\/wp\/v2\/product\/6789","targetHints":{"allow":["GET"]}}],"collection":[{"href":"https:\/\/infomacrio.com.br\/index.php\/wp-json\/wp\/v2\/product"}],"about":[{"href":"https:\/\/infomacrio.com.br\/index.php\/wp-json\/wp\/v2\/types\/product"}],"wp:featuredmedia":[{"embeddable":true,"href":"https:\/\/infomacrio.com.br\/index.php\/wp-json\/wp\/v2\/media\/11120"}],"wp:attachment":[{"href":"https:\/\/infomacrio.com.br\/index.php\/wp-json\/wp\/v2\/media?parent=6789"}],"wp:term":[{"taxonomy":"product_brand","embeddable":true,"href":"https:\/\/infomacrio.com.br\/index.php\/wp-json\/wp\/v2\/product_brand?post=6789"},{"taxonomy":"product_cat","embeddable":true,"href":"https:\/\/infomacrio.com.br\/index.php\/wp-json\/wp\/v2\/product_cat?post=6789"},{"taxonomy":"product_tag","embeddable":true,"href":"https:\/\/infomacrio.com.br\/index.php\/wp-json\/wp\/v2\/product_tag?post=6789"}],"curies":[{"name":"wp","href":"https:\/\/api.w.org\/{rel}","templated":true}]}}