{"id":6619,"date":"2022-11-18T17:36:43","date_gmt":"2022-11-18T20:36:43","guid":{"rendered":"https:\/\/infomacrio.com.br\/index.php\/produto\/onu-maxfiber-1000-hibrida-apc\/"},"modified":"2025-07-02T09:15:27","modified_gmt":"2025-07-02T12:15:27","slug":"onu-maxfiber-1000-hibrida-apc","status":"publish","type":"product","link":"https:\/\/infomacrio.com.br\/index.php\/produto\/onu-maxfiber-1000-hibrida-apc\/","title":{"rendered":"ONU MAXFIBER XPON 1000 APC"},"content":{"rendered":"<p>A ONU Maxfiber 1000G converte o sinal PON em Ethernet, fazendo a transi\u00e7\u00e3o de uma rede de fibra \u00f3ptica para UTP. Ela \u00e9 h\u00edbrida e compat\u00edvel com os padr\u00f5es EPON e GPON com compatibilidades com as principais marcas de OLT do mercado devido ao chipset da ZTE.<\/p>\n<p>ESPECIFICA\u00c7\u00d5ES T\u00c9CNICAS<br \/>\nMODELO: ONU Hibrida Maxfiber 1000G<br \/>\nC\u00d3DIGO: 68000104<br \/>\nPORTA WAN: PON\/APC<br \/>\nPORTA LAN: 1&#215;10\/100\/1000 Mbps<br \/>\nMEM\u00d3RIA RAM: 32Mb<br \/>\nMEM\u00d3RIA FLASH: 8Mb<br \/>\nPADR\u00d5ES: I-TUT G.984.4<br \/>\nPAR\u00c2METRO \u00d3PTICO PON:<br \/>\nModo adaptativo GPON \/ EPON 1 * porta GPON, padr\u00e3o FSAN G.984.2, suporte para compatibilidade com vers\u00f5es anteriores com EPON Fibra de modo \u00fanico SC \/ APC Comprimento<br \/>\nde onda: Tx 1310nm, Rx1490nm Pot\u00eancia \u00f3ptica Tx: 0,5~5dBm Sensibilidade\u00a0Rx: -28dBm Pot\u00eancia \u00f3tica de satura\u00e7\u00e3o: -8dBm<br \/>\nMODOS DE OPERA\u00c7\u00c3O: Modo Bridge e modo roteamento<br \/>\nWAN: IP Est\u00e1tico | Cliente DHCP | Cliente PPPoE<br \/>\nNAT: UPnP | DMZ | Redirecionamento de portas<br \/>\nDHCP: Cliente | Server<br \/>\nFiltro de URL Sim<br \/>\nBLOCO DE ACESSO POR ENDERE\u00c7O MAC Sim<br \/>\nGERENCIAMENTO: Por OLT e interface web<br \/>\nSISTEMAS COMPATIVEIS: Microsoft Windows 98SE, NT, 2000, XP, Vista, Win7, Mac OS, Linux<br \/>\nIndicadores LED: Power, PON, LOS, LAN1<br \/>\nBot\u00f5es: Bot\u00e3o reset<br \/>\nSuporte: PPPoE | IP Din\u00e2mico | IP Est\u00e1tico| UPnP | DDNS | Virtual Server | DMZ<br \/>\nVoltagem: 12V | 0.5 A<br \/>\nChipset: ZX279125<\/p>\n","protected":false},"excerpt":{"rendered":"<p>ONU MAXFIBER XPON 1000 APC<\/p>\n","protected":false},"featured_media":6617,"template":"","meta":{"om_disable_all_campaigns":false,"_monsterinsights_skip_tracking":false,"_monsterinsights_sitenote_active":false,"_monsterinsights_sitenote_note":"","_monsterinsights_sitenote_category":0},"product_brand":[],"product_cat":[301,381,364],"product_tag":[],"class_list":{"0":"post-6619","1":"product","2":"type-product","3":"status-publish","4":"has-post-thumbnail","6":"product_cat-fibra-optica","7":"product_cat-hibrida","8":"product_cat-onu-ont","9":"thunk-woo-product-list","10":"big-store-woo-hover-zoom","11":"open-single-product-tab-horizontal","12":"open-shadow-","13":"open-shadow-hover-","15":"first","16":"instock","17":"sale","18":"shipping-taxable","19":"purchasable","20":"product-type-simple"},"aioseo_notices":[],"_links":{"self":[{"href":"https:\/\/infomacrio.com.br\/index.php\/wp-json\/wp\/v2\/product\/6619","targetHints":{"allow":["GET"]}}],"collection":[{"href":"https:\/\/infomacrio.com.br\/index.php\/wp-json\/wp\/v2\/product"}],"about":[{"href":"https:\/\/infomacrio.com.br\/index.php\/wp-json\/wp\/v2\/types\/product"}],"wp:featuredmedia":[{"embeddable":true,"href":"https:\/\/infomacrio.com.br\/index.php\/wp-json\/wp\/v2\/media\/6617"}],"wp:attachment":[{"href":"https:\/\/infomacrio.com.br\/index.php\/wp-json\/wp\/v2\/media?parent=6619"}],"wp:term":[{"taxonomy":"product_brand","embeddable":true,"href":"https:\/\/infomacrio.com.br\/index.php\/wp-json\/wp\/v2\/product_brand?post=6619"},{"taxonomy":"product_cat","embeddable":true,"href":"https:\/\/infomacrio.com.br\/index.php\/wp-json\/wp\/v2\/product_cat?post=6619"},{"taxonomy":"product_tag","embeddable":true,"href":"https:\/\/infomacrio.com.br\/index.php\/wp-json\/wp\/v2\/product_tag?post=6619"}],"curies":[{"name":"wp","href":"https:\/\/api.w.org\/{rel}","templated":true}]}}