{"id":6606,"date":"2022-11-18T17:36:36","date_gmt":"2022-11-18T20:36:36","guid":{"rendered":"https:\/\/infomacrio.com.br\/index.php\/produto\/adaptador-optico-passante-2flex-sc-apc\/"},"modified":"2026-04-14T14:50:44","modified_gmt":"2026-04-14T17:50:44","slug":"adaptador-optico-passante-2flex-sc-apc","status":"publish","type":"product","link":"https:\/\/infomacrio.com.br\/index.php\/produto\/adaptador-optico-passante-2flex-sc-apc\/","title":{"rendered":"ADAPTADOR PASSANTE OPTICO SC-APC"},"content":{"rendered":"<p>O adaptador \u00f3ptico SIMPLEX \u00a0permite unir com precis\u00e3o o sinal \u00f3ptico entre conectores SC. Assegurando baixa perda por inser\u00e7\u00e3o na conex\u00e3o de fibras em sua rede. Utilizado em DIO, CTO, PTO e roseta. O adaptador \u00e9 um material de alta qualidade, com baixa perda de inser\u00e7\u00e3o, possuindo dimens\u00e3o de alta precis\u00e3o com alta estabilidade.<\/p>\n<p>O adaptador \u00f3ptico SIMPLEX \u00a0garante o alinhamento apropriado das fibras \u00f3pticas com preciso contato f\u00edsico entre elas. Pois possibilita a transmiss\u00e3o da luz atrav\u00e9s do contato mec\u00e2nico das faces polidas e do alinhamento proporcionado pelas luvas internas.<\/p>\n<p>. Caracter\u00edsticas T\u00e9cnicas:<\/p>\n<p>Cor: APC (verde);<\/p>\n<p>Tipo de conector: SC;<\/p>\n<p>Perda de retorno (RL): 50dB;<\/p>\n<p>Perda por inser\u00e7\u00e3o (IL): 0,3dB;<\/p>\n<p>Ferrolho: Luva de zirc\u00f4nia;<\/p>\n<p>Peso: 0.05g;<\/p>\n<p>Dimens\u00f5es: L: 22mm A: 9,2mm P: 27,2mm;<\/p>\n<p>Tipo de engate: Push-pull;<\/p>\n<p>Temperatura de armazenamento: -40\u00baC a +120\u00baC;<\/p>\n<p>Temperatura de opera\u00e7\u00e3o: -40\u00baC a +75\u00baC.<\/p>\n","protected":false},"excerpt":{"rendered":"<p>ADAPTADOR PASSANTE OPTICO SC-APC<\/p>\n","protected":false},"featured_media":9092,"template":"","meta":{"om_disable_all_campaigns":false,"_monsterinsights_skip_tracking":false,"_monsterinsights_sitenote_active":false,"_monsterinsights_sitenote_note":"","_monsterinsights_sitenote_category":0},"product_brand":[],"product_cat":[307,301,406],"product_tag":[],"class_list":{"0":"post-6606","1":"product","2":"type-product","3":"status-publish","4":"has-post-thumbnail","6":"product_cat-adaptador-optico","7":"product_cat-fibra-optica","8":"product_cat-padrao","9":"thunk-woo-product-list","10":"big-store-woo-hover-zoom","11":"open-single-product-tab-horizontal","12":"open-shadow-","13":"open-shadow-hover-","15":"first","16":"instock","17":"sale","18":"shipping-taxable","19":"purchasable","20":"product-type-simple"},"aioseo_notices":[],"_links":{"self":[{"href":"https:\/\/infomacrio.com.br\/index.php\/wp-json\/wp\/v2\/product\/6606","targetHints":{"allow":["GET"]}}],"collection":[{"href":"https:\/\/infomacrio.com.br\/index.php\/wp-json\/wp\/v2\/product"}],"about":[{"href":"https:\/\/infomacrio.com.br\/index.php\/wp-json\/wp\/v2\/types\/product"}],"wp:featuredmedia":[{"embeddable":true,"href":"https:\/\/infomacrio.com.br\/index.php\/wp-json\/wp\/v2\/media\/9092"}],"wp:attachment":[{"href":"https:\/\/infomacrio.com.br\/index.php\/wp-json\/wp\/v2\/media?parent=6606"}],"wp:term":[{"taxonomy":"product_brand","embeddable":true,"href":"https:\/\/infomacrio.com.br\/index.php\/wp-json\/wp\/v2\/product_brand?post=6606"},{"taxonomy":"product_cat","embeddable":true,"href":"https:\/\/infomacrio.com.br\/index.php\/wp-json\/wp\/v2\/product_cat?post=6606"},{"taxonomy":"product_tag","embeddable":true,"href":"https:\/\/infomacrio.com.br\/index.php\/wp-json\/wp\/v2\/product_tag?post=6606"}],"curies":[{"name":"wp","href":"https:\/\/api.w.org\/{rel}","templated":true}]}}