{"id":10872,"date":"2025-12-01T17:05:57","date_gmt":"2025-12-01T20:05:57","guid":{"rendered":"https:\/\/infomacrio.com.br\/index.php\/produto\/mouse-gamer-fortrek-black-hawk\/"},"modified":"2026-04-14T15:38:35","modified_gmt":"2026-04-14T18:38:35","slug":"mouse-gamer-fortrek-black-hawk","status":"publish","type":"product","link":"https:\/\/infomacrio.com.br\/index.php\/produto\/mouse-gamer-fortrek-black-hawk\/","title":{"rendered":"MOUSE GAMER FORTREK BLACK HAWK 7200DPI"},"content":{"rendered":"<p>O Mouse Gamer Fortrek Black Hawk foi desenvolvido para canhotos e destros, e \u00e9 uma \u00f3tima<br \/>\nescolha para seu setup gamer, com um design moderno e confort\u00e1vel proporciona<br \/>\numa \u00f3tima jogabilidade e controle dos movimentos. Com uma frequ\u00eancia de<br \/>\natualiza\u00e7\u00e3o de 125Hz, este mouse oferece uma experi\u00eancia de resposta \u00e1gil e<br \/>\neficiente.<\/p>\n<p>Apresentando um LED RGB conta com capacidade de 13 modos de<br \/>\nilumina\u00e7\u00e3o e switch Huano. O mouse Black Hawk \u00e9 constru\u00eddo com pl\u00e1stico ABS de<br \/>\nalta resist\u00eancia e acabamento UV, 6 bot\u00f5es de comandos Scroll. O modelo<br \/>\nalcan\u00e7a at\u00e9 7.200dpi oferecendo agilidade e precis\u00e3o em r\u00e1pidos movimentos.<br \/>\nInclui um software avan\u00e7ado para personalizar o dispositivo de acordo com seus<br \/>\ndesejos, por esse software \u00e9 poss\u00edvel personalizar script de macro, atribui\u00e7\u00e3o<br \/>\nde bot\u00e3o, ilumina\u00e7\u00e3o, configura\u00e7\u00f5es de modo e salvar perfis em seu computador<br \/>\npara acesso f\u00e1cil e r\u00e1pido.<\/p>\n<p>INSTALA\u00c7\u00c3O E CONFIGURA\u00c7\u00c3O:<br \/>\nInstale o mouse inserindo-o em conex\u00e3o USB na respectiva porta dispon\u00edvel em seu<br \/>\ncomputador. As fun\u00e7\u00f5es e software de configura\u00e7\u00e3o n\u00e3o funcionam nos sistemas<br \/>\noperacionais do MAC, Linux, Ubuntu.<\/p>\n<p>O acesso as fun\u00e7\u00f5es macros e configura\u00e7\u00f5es est\u00e3o dispon\u00edveis no software da Fortrek encontrado para download<br \/>\ndo software no site da marca ou pelo QR Code no Manual de Instru\u00e7\u00f5es.<br \/>\nModelo: Black Hawk<\/p>\n","protected":false},"excerpt":{"rendered":"<p>MOUSE GAMER FORTREK BLACK HAWK 7200DPI<\/p>\n","protected":false},"featured_media":10903,"template":"","meta":{"om_disable_all_campaigns":false,"_monsterinsights_skip_tracking":false,"_monsterinsights_sitenote_active":false,"_monsterinsights_sitenote_note":"","_monsterinsights_sitenote_category":0},"product_brand":[],"product_cat":[296,393,384],"product_tag":[],"class_list":{"0":"post-10872","1":"product","2":"type-product","3":"status-publish","4":"has-post-thumbnail","6":"product_cat-informatica","7":"product_cat-mouse","8":"product_cat-perifericos","9":"thunk-woo-product-list","10":"big-store-woo-hover-zoom","11":"open-single-product-tab-horizontal","12":"open-shadow-","13":"open-shadow-hover-","15":"first","16":"instock","17":"sale","18":"shipping-taxable","19":"purchasable","20":"product-type-simple"},"aioseo_notices":[],"_links":{"self":[{"href":"https:\/\/infomacrio.com.br\/index.php\/wp-json\/wp\/v2\/product\/10872","targetHints":{"allow":["GET"]}}],"collection":[{"href":"https:\/\/infomacrio.com.br\/index.php\/wp-json\/wp\/v2\/product"}],"about":[{"href":"https:\/\/infomacrio.com.br\/index.php\/wp-json\/wp\/v2\/types\/product"}],"wp:featuredmedia":[{"embeddable":true,"href":"https:\/\/infomacrio.com.br\/index.php\/wp-json\/wp\/v2\/media\/10903"}],"wp:attachment":[{"href":"https:\/\/infomacrio.com.br\/index.php\/wp-json\/wp\/v2\/media?parent=10872"}],"wp:term":[{"taxonomy":"product_brand","embeddable":true,"href":"https:\/\/infomacrio.com.br\/index.php\/wp-json\/wp\/v2\/product_brand?post=10872"},{"taxonomy":"product_cat","embeddable":true,"href":"https:\/\/infomacrio.com.br\/index.php\/wp-json\/wp\/v2\/product_cat?post=10872"},{"taxonomy":"product_tag","embeddable":true,"href":"https:\/\/infomacrio.com.br\/index.php\/wp-json\/wp\/v2\/product_tag?post=10872"}],"curies":[{"name":"wp","href":"https:\/\/api.w.org\/{rel}","templated":true}]}}