{"id":10857,"date":"2025-11-19T15:12:46","date_gmt":"2025-11-19T18:12:46","guid":{"rendered":"https:\/\/infomacrio.com.br\/index.php\/produto\/impressora-brother-multifuncional-mfc-l8900cdw\/"},"modified":"2025-11-19T17:49:38","modified_gmt":"2025-11-19T20:49:38","slug":"impressora-brother-multifuncional-mfc-l8900cdw","status":"publish","type":"product","link":"https:\/\/infomacrio.com.br\/index.php\/produto\/impressora-brother-multifuncional-mfc-l8900cdw\/","title":{"rendered":"IMPRESSORA BROTHER MULTIFUNCIONAL MFC-L8900CDW"},"content":{"rendered":"<p>A MFC-L8900CDW \u00e9 a multifuncional ideal para escrit\u00f3rios com pequenos e m\u00e9dios grupos de trabalho que necessitam de impress\u00f5es econ\u00f4micas, qualidade profissional e fun\u00e7\u00f5es que aumentam a produtividade. Velocidade de at\u00e9 31ppm (A4), SPDF (leitura frente e verso do documento em uma \u00fanica passagem), com capacidade para 70 folhas e fun\u00e7\u00e3o frente e verso autom\u00e1tica na c\u00f3pia, impress\u00e3o e digitaliza\u00e7\u00e3o. Display touchscreen colorido de 5&#8243; com menu intuitivo, toners de ultra rendimento para 9.000 p\u00e1ginas. Arquitetura de integra\u00e7\u00e3o BSI (Brother Solutions Interface), assim programadores e parceiros de softwares da sua empresa poder\u00e3o acessar os servi\u00e7os web internos do equipamento para criar solu\u00e7\u00f5es personalizadas, o que o torna uma solu\u00e7\u00e3o de impress\u00e3o completa e personalizada para seus neg\u00f3cio, com recursos de seguran\u00e7a como autentica\u00e7\u00e3o de usu\u00e1rios por cart\u00e3o de identifica\u00e7\u00e3o com tag via conex\u00e3o NFC.<\/p>\n<p>Caracter\u00edsticas Principais:<\/p>\n<p>Interfaces de rede sem fio 802.11b\/g\/n e Gigabit Ethernet integradas para f\u00e1cil configura\u00e7\u00e3o e<br \/>\ncompartilhamento em sua rede sem fio ou com fio.<\/p>\n<p>Imprima do seu dispositivo m\u00f3vel atrav\u00e9s de\u2021: AirPrint\u00ae, Google Cloud Print\u2122 2.0, Mopria\u00ae,<br \/>\nBrother iPrint&amp;Scan, Cortado Workplace, Wi-Fi Direct\u00ae e NFC. Al\u00e9m disso,<br \/>\ndigitalize sem fio para o seu dispositivo m\u00f3vel com o aplicativo Brother iPrint&amp;Scan.<\/p>\n<p>Impress\u00e3o, C\u00f3pia e Digitaliza\u00e7\u00e3o em frente e verso autom\u00e1tica ajuda a economizar papel. Al\u00e9m disso,<br \/>\no alimentador autom\u00e1tico de documentos SPDF com capacidade para 70 p\u00e1ginas<br \/>\ndigitaliza ambos os lados da p\u00e1gina em uma \u00fanica passada para uma digitaliza\u00e7\u00e3o<br \/>\nr\u00e1pida<\/p>\n<p>Digitalize para destinos populares, incluindo e-mail, SharePoint, servi\u00e7os de nuvem<br \/>\nempresariais, servidor SSH (SFTP), etc., por meio de um alimentador autom\u00e1tico<br \/>\nde documentos com capacidade para 70 p\u00e1ginas ou vidro de exposi\u00e7\u00e3o tamanho<br \/>\nof\u00edcio.<\/p>\n","protected":false},"excerpt":{"rendered":"<p>IMPRESSORA BROTHER MULTIFUNCIONAL MFC-L8900CDW<\/p>\n","protected":false},"featured_media":10861,"template":"","meta":{"om_disable_all_campaigns":false,"_monsterinsights_skip_tracking":false,"_monsterinsights_sitenote_active":false,"_monsterinsights_sitenote_note":"","_monsterinsights_sitenote_category":0},"product_brand":[],"product_cat":[345,382,296],"product_tag":[],"class_list":{"0":"post-10857","1":"product","2":"type-product","3":"status-publish","4":"has-post-thumbnail","6":"product_cat-impressora","7":"product_cat-impressoras","8":"product_cat-informatica","9":"thunk-woo-product-list","10":"big-store-woo-hover-zoom","11":"open-single-product-tab-horizontal","12":"open-shadow-","13":"open-shadow-hover-","15":"first","16":"outofstock","17":"sale","18":"shipping-taxable","19":"purchasable","20":"product-type-simple"},"aioseo_notices":[],"_links":{"self":[{"href":"https:\/\/infomacrio.com.br\/index.php\/wp-json\/wp\/v2\/product\/10857","targetHints":{"allow":["GET"]}}],"collection":[{"href":"https:\/\/infomacrio.com.br\/index.php\/wp-json\/wp\/v2\/product"}],"about":[{"href":"https:\/\/infomacrio.com.br\/index.php\/wp-json\/wp\/v2\/types\/product"}],"wp:featuredmedia":[{"embeddable":true,"href":"https:\/\/infomacrio.com.br\/index.php\/wp-json\/wp\/v2\/media\/10861"}],"wp:attachment":[{"href":"https:\/\/infomacrio.com.br\/index.php\/wp-json\/wp\/v2\/media?parent=10857"}],"wp:term":[{"taxonomy":"product_brand","embeddable":true,"href":"https:\/\/infomacrio.com.br\/index.php\/wp-json\/wp\/v2\/product_brand?post=10857"},{"taxonomy":"product_cat","embeddable":true,"href":"https:\/\/infomacrio.com.br\/index.php\/wp-json\/wp\/v2\/product_cat?post=10857"},{"taxonomy":"product_tag","embeddable":true,"href":"https:\/\/infomacrio.com.br\/index.php\/wp-json\/wp\/v2\/product_tag?post=10857"}],"curies":[{"name":"wp","href":"https:\/\/api.w.org\/{rel}","templated":true}]}}