{"id":10522,"date":"2025-08-08T08:00:59","date_gmt":"2025-08-08T11:00:59","guid":{"rendered":"https:\/\/infomacrio.com.br\/index.php\/produto\/mouse-c3tech-sem-fio-m-w80bk-preto-recarregavel\/"},"modified":"2026-02-11T17:12:09","modified_gmt":"2026-02-11T20:12:09","slug":"mouse-c3tech-sem-fio-m-w80bk-preto-recarregavel","status":"publish","type":"product","link":"https:\/\/infomacrio.com.br\/index.php\/produto\/mouse-c3tech-sem-fio-m-w80bk-preto-recarregavel\/","title":{"rendered":"MOUSE C3TECH SEM FIO M-W80BK PRETO RECARREG\u00c1VEL"},"content":{"rendered":"<p>Menos barulho. Mais foco Descubra a liberdade de movimento com o Mouse Sem Fio Recarreg\u00e1vel M-W80 da C3Tech de funcionamento silencioso, para maior foco. Desfrute de um design elegante com scroll met\u00e1lico e formato ergon\u00f4mico que se adapta perfeitamente \u00e0 sua m\u00e3o, com 1.600DPI eleve sua produtividade junto a conex\u00e3o sem fio, se livre das pilhas recarregando seu mouse e usando por muito mais tempo. Trabalhe ou jogue com facilidade!<\/p>\n<p>PRODUTIVIDADE<br \/>\nBateria recarreg\u00e1vel nunca mais se preocupe em trocar pilhas no meio de uma tarefa importante<br \/>\nCarregamento r\u00e1pido e de longa dura\u00e7\u00e3o<br \/>\nConector USB-C com cabo para carregamento<br \/>\nUse enquanto carrega<\/p>\n<p>CONFORT\u00c1VEL<br \/>\nBot\u00f5es silenciosos<br \/>\nFormato ambidestro<br \/>\nDesign Slim<br \/>\nAcabamento Premium piano e scroll met\u00e1lico<\/p>\n<p>VERS\u00c1TIL<br \/>\nPlug and Play<br \/>\nConex\u00e3o: Sem fio 2.4GHz<br \/>\nReceptor Sem Fio: Nano USB<br \/>\nLongo alcance: funciona sem interrup\u00e7\u00f5es em at\u00e9 10 metros do dispositivo<br \/>\nDPI M\u00e1ximo: 1600<br \/>\nCapacidade da Bateria Interna: 500mAh<br \/>\nSensor \u00d3ptico<br \/>\n4 Bot\u00f5es<br \/>\nPossui Bot\u00e3o em Scroll<br \/>\nScroll met\u00e1lico de alta durabilidade<br \/>\nCompat\u00edvel com Windows, Linux, MacOS<\/p>\n<p>&nbsp;<\/p>\n","protected":false},"excerpt":{"rendered":"<p>MOUSE C3TECH SEM FIO M-W80BK PRETO RECARREG\u00c1VEL<\/p>\n","protected":false},"featured_media":10628,"template":"","meta":{"om_disable_all_campaigns":false,"_monsterinsights_skip_tracking":false,"_monsterinsights_sitenote_active":false,"_monsterinsights_sitenote_note":"","_monsterinsights_sitenote_category":0},"product_brand":[],"product_cat":[296,393,384],"product_tag":[],"class_list":{"0":"post-10522","1":"product","2":"type-product","3":"status-publish","4":"has-post-thumbnail","6":"product_cat-informatica","7":"product_cat-mouse","8":"product_cat-perifericos","9":"thunk-woo-product-list","10":"big-store-woo-hover-zoom","11":"open-single-product-tab-horizontal","12":"open-shadow-","13":"open-shadow-hover-","15":"first","16":"instock","17":"sale","18":"shipping-taxable","19":"purchasable","20":"product-type-simple"},"aioseo_notices":[],"_links":{"self":[{"href":"https:\/\/infomacrio.com.br\/index.php\/wp-json\/wp\/v2\/product\/10522","targetHints":{"allow":["GET"]}}],"collection":[{"href":"https:\/\/infomacrio.com.br\/index.php\/wp-json\/wp\/v2\/product"}],"about":[{"href":"https:\/\/infomacrio.com.br\/index.php\/wp-json\/wp\/v2\/types\/product"}],"wp:featuredmedia":[{"embeddable":true,"href":"https:\/\/infomacrio.com.br\/index.php\/wp-json\/wp\/v2\/media\/10628"}],"wp:attachment":[{"href":"https:\/\/infomacrio.com.br\/index.php\/wp-json\/wp\/v2\/media?parent=10522"}],"wp:term":[{"taxonomy":"product_brand","embeddable":true,"href":"https:\/\/infomacrio.com.br\/index.php\/wp-json\/wp\/v2\/product_brand?post=10522"},{"taxonomy":"product_cat","embeddable":true,"href":"https:\/\/infomacrio.com.br\/index.php\/wp-json\/wp\/v2\/product_cat?post=10522"},{"taxonomy":"product_tag","embeddable":true,"href":"https:\/\/infomacrio.com.br\/index.php\/wp-json\/wp\/v2\/product_tag?post=10522"}],"curies":[{"name":"wp","href":"https:\/\/api.w.org\/{rel}","templated":true}]}}