{"id":10510,"date":"2025-08-08T08:00:49","date_gmt":"2025-08-08T11:00:49","guid":{"rendered":"https:\/\/infomacrio.com.br\/index.php\/produto\/ont-v-sol-xpon-ax1800-v2804ax-4ant-easymesh\/"},"modified":"2026-04-30T17:27:11","modified_gmt":"2026-04-30T20:27:11","slug":"ont-v-sol-xpon-ax1800-v2804ax-4ant-easymesh","status":"publish","type":"product","link":"https:\/\/infomacrio.com.br\/index.php\/produto\/ont-v-sol-xpon-ax1800-v2804ax-4ant-easymesh\/","title":{"rendered":"ONT V-SOL XPON AX1800 V2804AX 4ANT EASYMESH"},"content":{"rendered":"<p>O V2804AX (4GE+WiFi6 G\/EPON HGU ONT) \u00e9 um dispositivo de acesso de banda larga especialmente projetado para<br \/>\natender \u00e0s necessidades das operadoras de rede fixa para FTTH.<br \/>\nO ONT \u00e9 baseado em solu\u00e7\u00f5es de chip de alto desempenho, suporta tecnologia de modo duplo (EPON e GPON) e tamb\u00e9m<br \/>\nsuporta tecnologia IEEE802.11b\/g\/n\/ac\/ax WiFi 6 e outrasfun\u00e7\u00f5es de Camada 2 \/ Camada 3, fornecendo os principais<br \/>\nservi\u00e7os de dados para aplica\u00e7\u00e3o FTTX.<\/p>\n<p>1 porta G\/EPON (EPON PX20+ e GPON Classe B+)<br \/>\nModo \u00fanico SC, conector SC\/APC<br \/>\nPot\u00eancia \u00f3ptica TX: 0\uff5e+4dBm<br \/>\nSensibilidade RX: -27dBm<br \/>\nPot\u00eancia \u00f3ptica de sobrecarga: -3dBm(EPON) ou -8dBm(GPON)<br \/>\nDist\u00e2ncia de transmiss\u00e3o: 20KM<br \/>\nComprimento de onda: TX 1310nm, RX1490nm<\/p>\n<p>\u2022 Wi-Fi 6: 802.11a\/n\/ac\/ax 5 GHz e 802.11g\/b\/n\/ax 2,4<br \/>\nGHz<br \/>\n\u2022 Criptografia Wi-Fi: WEP-64\/WEP-128\/WPA\/WPA2\/WPA3<br \/>\n\u2022 Suporte OFDMA, MU-MIMO, QoS din\u00e2mico, 1024-QAM<br \/>\n\u2022 Smart Connect para um nome Wi-Fi &#8211; Um SSID para<br \/>\nbanda dupla de 2,4 GHz e 5 GHz<br \/>\n\u2022 Fun\u00e7\u00e3o EasyMesh como controladora<\/p>\n","protected":false},"excerpt":{"rendered":"<p>ONT V-SOL XPON AX1800 V2804AX 4ANT EASYMESH<\/p>\n","protected":false},"featured_media":10634,"template":"","meta":{"om_disable_all_campaigns":false,"_monsterinsights_skip_tracking":false,"_monsterinsights_sitenote_active":false,"_monsterinsights_sitenote_note":"","_monsterinsights_sitenote_category":0},"product_brand":[],"product_cat":[301,381,364,423,294],"product_tag":[],"class_list":{"0":"post-10510","1":"product","2":"type-product","3":"status-publish","4":"has-post-thumbnail","6":"product_cat-fibra-optica","7":"product_cat-hibrida","8":"product_cat-onu-ont","9":"product_cat-roteador-wireless","10":"product_cat-wireless","11":"thunk-woo-product-list","12":"big-store-woo-hover-zoom","13":"open-single-product-tab-horizontal","14":"open-shadow-","15":"open-shadow-hover-","17":"first","18":"instock","19":"sale","20":"shipping-taxable","21":"purchasable","22":"product-type-simple"},"aioseo_notices":[],"_links":{"self":[{"href":"https:\/\/infomacrio.com.br\/index.php\/wp-json\/wp\/v2\/product\/10510","targetHints":{"allow":["GET"]}}],"collection":[{"href":"https:\/\/infomacrio.com.br\/index.php\/wp-json\/wp\/v2\/product"}],"about":[{"href":"https:\/\/infomacrio.com.br\/index.php\/wp-json\/wp\/v2\/types\/product"}],"wp:featuredmedia":[{"embeddable":true,"href":"https:\/\/infomacrio.com.br\/index.php\/wp-json\/wp\/v2\/media\/10634"}],"wp:attachment":[{"href":"https:\/\/infomacrio.com.br\/index.php\/wp-json\/wp\/v2\/media?parent=10510"}],"wp:term":[{"taxonomy":"product_brand","embeddable":true,"href":"https:\/\/infomacrio.com.br\/index.php\/wp-json\/wp\/v2\/product_brand?post=10510"},{"taxonomy":"product_cat","embeddable":true,"href":"https:\/\/infomacrio.com.br\/index.php\/wp-json\/wp\/v2\/product_cat?post=10510"},{"taxonomy":"product_tag","embeddable":true,"href":"https:\/\/infomacrio.com.br\/index.php\/wp-json\/wp\/v2\/product_tag?post=10510"}],"curies":[{"name":"wp","href":"https:\/\/api.w.org\/{rel}","templated":true}]}}